Last updated on 2025-11-14 01:51:48 CET.
| Flavor | Version | Tinstall | Tcheck | Ttotal | Status | Flags |
|---|---|---|---|---|---|---|
| r-devel-linux-x86_64-debian-clang | 0.1 | 2.03 | 20.62 | 22.65 | OK | |
| r-devel-linux-x86_64-debian-gcc | 0.1 | 1.53 | 16.78 | 18.31 | OK | |
| r-devel-linux-x86_64-fedora-clang | 0.1 | 31.16 | OK | |||
| r-devel-linux-x86_64-fedora-gcc | 0.1 | 30.87 | OK | |||
| r-devel-windows-x86_64 | 0.1 | 2.00 | 39.00 | 41.00 | OK | |
| r-patched-linux-x86_64 | 0.1 | 1.85 | 18.21 | 20.06 | OK | |
| r-release-linux-x86_64 | 0.1 | 1.89 | 18.31 | 20.20 | OK | |
| r-release-macos-arm64 | 0.1 | 1.00 | 12.00 | 13.00 | OK | |
| r-release-macos-x86_64 | 0.1 | 2.00 | 20.00 | 22.00 | OK | |
| r-release-windows-x86_64 | 0.1 | 3.00 | 38.00 | 41.00 | OK | |
| r-oldrel-macos-arm64 | 0.1 | 1.00 | 12.00 | 13.00 | NOTE | |
| r-oldrel-macos-x86_64 | 0.1 | 1.00 | 18.00 | 19.00 | NOTE | |
| r-oldrel-windows-x86_64 | 0.1 | 3.00 | 40.00 | 43.00 | NOTE |
Version: 0.1
Check: LazyData
Result: NOTE
'LazyData' is specified without a 'data' directory
Flavors: r-oldrel-macos-arm64, r-oldrel-macos-x86_64, r-oldrel-windows-x86_64