CRAN Package Check Results for Package rebus.unicode

Last updated on 2025-05-07 01:50:10 CEST.

Flavor Version Tinstall Tcheck Ttotal Status Flags
r-devel-linux-x86_64-debian-clang 0.0-2 2.41 23.04 25.45 OK
r-devel-linux-x86_64-debian-gcc 0.0-2 2.16 17.80 19.96 OK
r-devel-linux-x86_64-fedora-clang 0.0-2 39.20 OK
r-devel-linux-x86_64-fedora-gcc 0.0-2 39.21 OK
r-devel-windows-x86_64 0.0-2 4.00 42.00 46.00 OK
r-patched-linux-x86_64 0.0-2 3.26 21.59 24.85 OK
r-release-linux-x86_64 0.0-2 2.85 21.47 24.32 OK
r-release-macos-arm64 0.0-2 18.00 OK
r-release-macos-x86_64 0.0-2 32.00 OK
r-release-windows-x86_64 0.0-2 4.00 44.00 48.00 OK
r-oldrel-macos-arm64 0.0-2 16.00 NOTE
r-oldrel-macos-x86_64 0.0-2 25.00 NOTE
r-oldrel-windows-x86_64 0.0-2 5.00 49.00 54.00 NOTE

Check Details

Version: 0.0-2
Check: LazyData
Result: NOTE 'LazyData' is specified without a 'data' directory Flavors: r-oldrel-macos-arm64, r-oldrel-macos-x86_64, r-oldrel-windows-x86_64