Last updated on 2025-10-24 01:50:37 CEST.
| Flavor | Version | Tinstall | Tcheck | Ttotal | Status | Flags |
|---|---|---|---|---|---|---|
| r-devel-linux-x86_64-debian-clang | 1.0.20 | 15.50 | 137.41 | 152.91 | NOTE | |
| r-devel-linux-x86_64-debian-gcc | 1.0.20 | 11.56 | 95.13 | 106.69 | OK | |
| r-devel-linux-x86_64-fedora-clang | 1.0.20 | 26.00 | 204.35 | 230.35 | OK | |
| r-devel-linux-x86_64-fedora-gcc | 1.0.20 | 36.00 | 204.12 | 240.12 | OK | |
| r-devel-windows-x86_64 | 1.0.20 | 19.00 | 156.00 | 175.00 | OK | |
| r-patched-linux-x86_64 | 1.0.20 | 18.22 | 129.78 | 148.00 | OK | |
| r-release-linux-x86_64 | 1.0.20 | 16.49 | 131.06 | 147.55 | OK | |
| r-release-macos-arm64 | 1.0.20 | 7.00 | 60.00 | 67.00 | OK | |
| r-release-macos-x86_64 | 1.0.20 | 11.00 | 121.00 | 132.00 | OK | |
| r-release-windows-x86_64 | 1.0.20 | 20.00 | 151.00 | 171.00 | OK | |
| r-oldrel-macos-arm64 | 1.0.17 | 8.00 | 58.00 | 66.00 | OK | |
| r-oldrel-macos-x86_64 | 1.0.17 | 14.00 | 96.00 | 110.00 | OK | |
| r-oldrel-windows-x86_64 | 1.0.17 | 25.00 | 182.00 | 207.00 | OK |
Version: 1.0.20
Check: HTML version of manual
Result: NOTE
Found the following HTML validation problems:
is.recmap.html:46:1 (is.recmap.Rd:10): Warning: missing </ul> before </div>
Flavor: r-devel-linux-x86_64-debian-clang