Last updated on 2025-05-08 01:51:18 CEST.
Flavor | Version | Tinstall | Tcheck | Ttotal | Status | Flags |
---|---|---|---|---|---|---|
r-devel-linux-x86_64-debian-clang | 1.3.0 | 37.29 | 57.16 | 94.45 | OK | |
r-devel-linux-x86_64-debian-gcc | 1.3.0 | 30.39 | 38.47 | 68.86 | OK | |
r-devel-linux-x86_64-fedora-clang | 1.3.0 | 162.96 | OK | |||
r-devel-linux-x86_64-fedora-gcc | 1.3.0 | 186.38 | OK | |||
r-devel-windows-x86_64 | 1.3.0 | 48.00 | 90.00 | 138.00 | OK | |
r-patched-linux-x86_64 | 1.3.0 | 42.64 | 51.49 | 94.13 | OK | |
r-release-linux-x86_64 | 1.3.0 | 45.95 | 51.83 | 97.78 | OK | |
r-release-macos-arm64 | 1.3.0 | 44.00 | OK | |||
r-release-macos-x86_64 | 1.3.0 | 80.00 | OK | |||
r-release-windows-x86_64 | 1.3.0 | 49.00 | 91.00 | 140.00 | OK | |
r-oldrel-macos-arm64 | 1.3.0 | 37.00 | NOTE | |||
r-oldrel-macos-x86_64 | 1.3.0 | 62.00 | NOTE | |||
r-oldrel-windows-x86_64 | 1.3.0 | 57.00 | 112.00 | 169.00 | OK |
Version: 1.3.0
Check: installed package size
Result: NOTE
installed size is 6.2Mb
sub-directories of 1Mb or more:
libs 6.0Mb
Flavors: r-oldrel-macos-arm64, r-oldrel-macos-x86_64