Last updated on 2024-07-27 01:53:21 CEST.
Flavor | Version | Tinstall | Tcheck | Ttotal | Status | Flags |
---|---|---|---|---|---|---|
r-devel-linux-x86_64-debian-clang | 2.2-9 | 20.45 | 138.82 | 159.27 | OK | |
r-devel-linux-x86_64-debian-gcc | 2.2-9 | 15.79 | 101.06 | 116.85 | NOTE | |
r-devel-linux-x86_64-fedora-clang | 2.2-9 | 192.54 | OK | |||
r-devel-linux-x86_64-fedora-gcc | 2.2-9 | 183.36 | OK | |||
r-devel-windows-x86_64 | 2.2-9 | 23.00 | 115.00 | 138.00 | NOTE | |
r-patched-linux-x86_64 | 2.2-9 | OK | ||||
r-release-linux-x86_64 | 2.2-9 | 14.56 | 129.22 | 143.78 | OK | |
r-release-macos-arm64 | 2.2-9 | 54.00 | OK | |||
r-release-macos-x86_64 | 2.2-9 | 84.00 | OK | |||
r-release-windows-x86_64 | 2.2-9 | 22.00 | 114.00 | 136.00 | OK | |
r-oldrel-macos-arm64 | 2.2-9 | 59.00 | OK | |||
r-oldrel-macos-x86_64 | 2.2-9 | 97.00 | OK | |||
r-oldrel-windows-x86_64 | 2.2-9 | 29.00 | 144.00 | 173.00 | OK |
Version: 2.2-9
Check: Rd cross-references
Result: NOTE
Found the following Rd file(s) with Rd \link{} targets missing package
anchors:
joinrate.Rd: ratetable
plot.rs.zph.Rd: plot.cox.zph
rs.zph.Rd: cox.zph
rstrans.Rd: survexp
survsplit.Rd: survSplit
transrate.Rd: ratetable
transrate.hld.Rd: ratetable
transrate.hmd.Rd: ratetable
Please provide package anchors for all Rd \link{} targets not in the
package itself and the base packages.
Flavors: r-devel-linux-x86_64-debian-gcc, r-devel-windows-x86_64