Last updated on 2025-02-16 01:49:51 CET.
Flavor | Version | Tinstall | Tcheck | Ttotal | Status | Flags |
---|---|---|---|---|---|---|
r-devel-linux-x86_64-debian-clang | 1.0.4 | 80.56 | 258.54 | 339.10 | OK | |
r-devel-linux-x86_64-debian-gcc | 1.0.4 | 67.56 | 192.19 | 259.75 | OK | |
r-devel-linux-x86_64-fedora-clang | 1.0.4 | 588.77 | OK | |||
r-devel-linux-x86_64-fedora-gcc | 1.0.4 | 659.91 | OK | |||
r-devel-macos-arm64 | 1.0.4 | 184.00 | OK | |||
r-devel-macos-x86_64 | 1.0.4 | 376.00 | OK | |||
r-devel-windows-x86_64 | 1.0.4 | 80.00 | 306.00 | 386.00 | OK | |
r-patched-linux-x86_64 | 1.0.4 | 90.19 | 271.15 | 361.34 | OK | |
r-release-linux-x86_64 | 1.0.4 | 83.78 | 286.57 | 370.35 | OK | |
r-release-macos-arm64 | 1.0.4 | 181.00 | NOTE | |||
r-release-macos-x86_64 | 1.0.4 | 279.00 | NOTE | |||
r-release-windows-x86_64 | 1.0.4 | 81.00 | 297.00 | 378.00 | OK | |
r-oldrel-macos-arm64 | 1.0.4 | 206.00 | NOTE | |||
r-oldrel-macos-x86_64 | 1.0.4 | 392.00 | NOTE | |||
r-oldrel-windows-x86_64 | 1.0.4 | 100.00 | 390.00 | 490.00 | OK |
Version: 1.0.4
Check: installed package size
Result: NOTE
installed size is 25.2Mb
sub-directories of 1Mb or more:
libs 23.8Mb
Flavors: r-release-macos-arm64, r-release-macos-x86_64, r-oldrel-macos-arm64, r-oldrel-macos-x86_64