Last updated on 2025-05-07 01:50:10 CEST.
Flavor | Version | Tinstall | Tcheck | Ttotal | Status | Flags |
---|---|---|---|---|---|---|
r-devel-linux-x86_64-debian-clang | 2.3.13 | 37.85 | 128.15 | 166.00 | OK | |
r-devel-linux-x86_64-debian-gcc | 2.3.13 | 30.17 | 74.26 | 104.43 | OK | |
r-devel-linux-x86_64-fedora-clang | 2.3.13 | 280.47 | OK | |||
r-devel-linux-x86_64-fedora-gcc | 2.3.13 | 289.32 | OK | |||
r-devel-windows-x86_64 | 2.3.13 | 48.00 | 180.00 | 228.00 | OK | |
r-patched-linux-x86_64 | 2.3.13 | 37.94 | 108.65 | 146.59 | OK | |
r-release-linux-x86_64 | 2.3.13 | 38.84 | 107.20 | 146.04 | OK | |
r-release-macos-arm64 | 2.3.13 | 92.00 | OK | |||
r-release-macos-x86_64 | 2.3.13 | 152.00 | OK | |||
r-release-windows-x86_64 | 2.3.13 | 47.00 | 182.00 | 229.00 | OK | |
r-oldrel-macos-arm64 | 2.3.13 | 88.00 | NOTE | |||
r-oldrel-macos-x86_64 | 2.3.13 | 169.00 | NOTE | |||
r-oldrel-windows-x86_64 | 2.3.13 | 53.00 | 220.00 | 273.00 | NOTE |
Version: 2.3.13
Check: installed package size
Result: NOTE
installed size is 9.4Mb
sub-directories of 1Mb or more:
doc 3.9Mb
libs 5.1Mb
Flavors: r-oldrel-macos-arm64, r-oldrel-macos-x86_64, r-oldrel-windows-x86_64