Last updated on 2024-07-27 01:53:21 CEST.
Flavor | Version | Tinstall | Tcheck | Ttotal | Status | Flags |
---|---|---|---|---|---|---|
r-devel-linux-x86_64-debian-clang | 0.1.0 | 20.34 | 194.06 | 214.40 | OK | |
r-devel-linux-x86_64-debian-gcc | 0.1.0 | 16.24 | 140.26 | 156.50 | NOTE | |
r-devel-linux-x86_64-fedora-clang | 0.1.0 | 265.04 | OK | |||
r-devel-linux-x86_64-fedora-gcc | 0.1.0 | 257.65 | OK | |||
r-devel-windows-x86_64 | 0.1.0 | 19.00 | 165.00 | 184.00 | NOTE | |
r-patched-linux-x86_64 | 0.1.0 | OK | ||||
r-release-linux-x86_64 | 0.1.0 | 15.01 | 183.12 | 198.13 | OK | |
r-release-macos-arm64 | 0.1.0 | 89.00 | OK | |||
r-release-macos-x86_64 | 0.1.0 | 174.00 | OK | |||
r-release-windows-x86_64 | 0.1.0 | 18.00 | 166.00 | 184.00 | OK | |
r-oldrel-macos-arm64 | 0.1.0 | 82.00 | OK | |||
r-oldrel-macos-x86_64 | 0.1.0 | 144.00 | OK | |||
r-oldrel-windows-x86_64 | 0.1.0 | 24.00 | 201.00 | 225.00 | OK |
Version: 0.1.0
Check: Rd cross-references
Result: NOTE
Found the following Rd file(s) with Rd \link{} targets missing package
anchors:
crrRx.Rd: crr
plotuv.Rd: ggplot, ggarrange
rm_covsum.Rd: cramer_v, eta_squared
rm_survdiff.Rd: survfit, survdiff
rm_survsum.Rd: survfit
rm_survtime.Rd: survfit
rm_uvsum.Rd: crr, coxph, lme, geeglm, polr
uvsum.Rd: crr, coxph, lme, geeglm, polr, glm.nb
Please provide package anchors for all Rd \link{} targets not in the
package itself and the base packages.
Flavors: r-devel-linux-x86_64-debian-gcc, r-devel-windows-x86_64