Last updated on 2025-11-19 01:49:00 CET.
| Flavor | Version | Tinstall | Tcheck | Ttotal | Status | Flags |
|---|---|---|---|---|---|---|
| r-devel-linux-x86_64-debian-clang | 1.0.1 | 1.85 | 21.64 | 23.49 | OK | |
| r-devel-linux-x86_64-debian-gcc | 1.0.1 | 1.55 | 17.66 | 19.21 | OK | |
| r-devel-linux-x86_64-fedora-clang | 1.0.1 | 34.33 | OK | |||
| r-devel-linux-x86_64-fedora-gcc | 1.0.1 | 11.00 | 23.06 | 34.06 | OK | |
| r-devel-windows-x86_64 | 1.0.1 | 3.00 | 37.00 | 40.00 | NOTE | |
| r-patched-linux-x86_64 | 1.0.1 | 2.08 | 20.07 | 22.15 | OK | |
| r-release-linux-x86_64 | 1.0.1 | 1.71 | 20.17 | 21.88 | OK | |
| r-release-macos-arm64 | 1.0.1 | 1.00 | 13.00 | 14.00 | OK | |
| r-release-macos-x86_64 | 1.0.1 | 2.00 | 23.00 | 25.00 | OK | |
| r-release-windows-x86_64 | 1.0.1 | 3.00 | 36.00 | 39.00 | OK | |
| r-oldrel-macos-arm64 | 1.0.1 | 1.00 | 14.00 | 15.00 | OK | |
| r-oldrel-macos-x86_64 | 1.0.1 | 2.00 | 18.00 | 20.00 | OK | |
| r-oldrel-windows-x86_64 | 1.0.1 | 3.00 | 38.00 | 41.00 | OK |
Version: 1.0.1
Check: Rd files
Result: NOTE
checkRd: (-1) represent-package.Rd:14-20: Only 2 columns allowed in this table (row 6 has 1)
Flavor: r-devel-windows-x86_64