Last updated on 2025-11-20 02:49:24 CET.
| Flavor | Version | Tinstall | Tcheck | Ttotal | Status | Flags |
|---|---|---|---|---|---|---|
| r-devel-linux-x86_64-debian-clang | 0.1.0 | 3.25 | 25.68 | 28.93 | NOTE | |
| r-devel-linux-x86_64-debian-gcc | 0.1.0 | 2.48 | 20.89 | 23.37 | NOTE | |
| r-devel-linux-x86_64-fedora-clang | 0.1.0 | 40.49 | OK | |||
| r-devel-linux-x86_64-fedora-gcc | 0.1.0 | 38.04 | OK | |||
| r-devel-windows-x86_64 | 0.1.0 | 5.00 | 44.00 | 49.00 | OK | |
| r-patched-linux-x86_64 | 0.1.0 | 3.25 | 22.68 | 25.93 | OK | |
| r-release-linux-x86_64 | 0.1.0 | 3.16 | 23.05 | 26.21 | OK | |
| r-release-macos-arm64 | 0.1.0 | OK | ||||
| r-release-macos-x86_64 | 0.1.0 | 3.00 | 26.00 | 29.00 | OK | |
| r-release-windows-x86_64 | 0.1.0 | 5.00 | 43.00 | 48.00 | OK | |
| r-oldrel-macos-arm64 | 0.1.0 | OK | ||||
| r-oldrel-macos-x86_64 | 0.1.0 | 3.00 | 21.00 | 24.00 | OK | |
| r-oldrel-windows-x86_64 | 0.1.0 | 7.00 | 51.00 | 58.00 | OK |
Version: 0.1.0
Check: CRAN incoming feasibility
Result: NOTE
Maintainer: ‘Scott Chamberlain <myrmecocystus@gmail.com>’
Found the following (possibly) invalid file URI:
URI: CONDUCT.md
From: README.md
Flavors: r-devel-linux-x86_64-debian-clang, r-devel-linux-x86_64-debian-gcc