CRAN Package Check Results for Package rethnicity

Last updated on 2025-05-24 01:51:32 CEST.

Flavor Version Tinstall Tcheck Ttotal Status Flags
r-devel-linux-x86_64-debian-clang 0.2.7 63.41 42.55 105.96 OK
r-devel-linux-x86_64-debian-gcc 0.2.7 52.38 43.70 96.08 NOTE
r-devel-linux-x86_64-fedora-clang 0.2.7 169.58 OK
r-devel-linux-x86_64-fedora-gcc 0.2.7 225.01 OK
r-devel-windows-x86_64 0.2.7 69.00 141.00 210.00 OK
r-patched-linux-x86_64 0.2.7 72.97 42.45 115.42 OK
r-release-linux-x86_64 0.2.7 69.19 42.46 111.65 OK
r-release-macos-arm64 0.2.7 52.00 OK
r-release-macos-x86_64 0.2.7 113.00 OK
r-release-windows-x86_64 0.2.7 67.00 118.00 185.00 OK
r-oldrel-macos-arm64 0.2.7 79.00 NOTE
r-oldrel-macos-x86_64 0.2.7 131.00 NOTE
r-oldrel-windows-x86_64 0.2.7 80.00 97.00 177.00 NOTE

Check Details

Version: 0.2.7
Check: re-building of vignette outputs
Result: NOTE Re-building vignettes had CPU time 2.6 times elapsed time Flavor: r-devel-linux-x86_64-debian-gcc

Version: 0.2.7
Check: installed package size
Result: NOTE installed size is 28.6Mb sub-directories of 1Mb or more: include 2.4Mb libs 24.5Mb models 1.6Mb Flavors: r-oldrel-macos-arm64, r-oldrel-macos-x86_64, r-oldrel-windows-x86_64