Last updated on 2024-05-11 01:50:50 CEST.
Flavor | Version | Tinstall | Tcheck | Ttotal | Status | Flags |
---|---|---|---|---|---|---|
r-devel-linux-x86_64-debian-clang | 1.5.3 | 63.88 | 530.65 | 594.53 | OK | |
r-devel-linux-x86_64-debian-gcc | 1.5.3 | 52.09 | 356.58 | 408.67 | OK | |
r-devel-linux-x86_64-fedora-clang | 1.5.3 | 715.74 | OK | |||
r-devel-linux-x86_64-fedora-gcc | 1.5.3 | 769.12 | OK | |||
r-devel-windows-x86_64 | 1.5.3 | 52.00 | 365.00 | 417.00 | OK | |
r-patched-linux-x86_64 | 1.5.3 | 48.37 | 499.20 | 547.57 | OK | |
r-release-linux-x86_64 | 1.5.3 | 45.21 | 500.60 | 545.81 | OK | |
r-release-macos-arm64 | 1.5.3 | 157.00 | NOTE | |||
r-release-windows-x86_64 | 1.5.3 | 50.00 | 374.00 | 424.00 | OK | |
r-oldrel-macos-arm64 | 1.5.3 | 147.00 | NOTE | |||
r-oldrel-macos-x86_64 | 1.5.3 | 403.00 | NOTE | |||
r-oldrel-windows-x86_64 | 1.5.3 | 63.00 | 468.00 | 531.00 | OK |
Version: 1.5.3
Check: installed package size
Result: NOTE
installed size is 5.4Mb
sub-directories of 1Mb or more:
libs 4.2Mb
Flavors: r-release-macos-arm64, r-oldrel-macos-arm64, r-oldrel-macos-x86_64