Last updated on 2024-07-27 01:53:21 CEST.
Flavor | Version | Tinstall | Tcheck | Ttotal | Status | Flags |
---|---|---|---|---|---|---|
r-devel-linux-x86_64-debian-clang | 5.9-0.10 | 21.06 | 52.61 | 73.67 | OK | |
r-devel-linux-x86_64-debian-gcc | 5.9-0.10 | 12.26 | 47.31 | 59.57 | OK | |
r-devel-linux-x86_64-fedora-clang | 5.9-0.10 | 93.19 | NOTE | |||
r-devel-linux-x86_64-fedora-gcc | 5.9-0.10 | 125.85 | OK | |||
r-devel-windows-x86_64 | 5.9-0.10 | 20.00 | 104.00 | 124.00 | OK | |
r-patched-linux-x86_64 | 5.9-0.10 | OK | ||||
r-release-linux-x86_64 | 5.9-0.10 | 14.73 | 61.20 | 75.93 | OK | |
r-release-macos-arm64 | 5.9-0.10 | 36.00 | OK | |||
r-release-macos-x86_64 | 5.9-0.10 | 58.00 | OK | |||
r-release-windows-x86_64 | 5.9-0.10 | 21.00 | 110.00 | 131.00 | OK | |
r-oldrel-macos-arm64 | 5.9-0.10 | 69.00 | OK | |||
r-oldrel-macos-x86_64 | 5.9-0.10 | 121.00 | OK | |||
r-oldrel-windows-x86_64 | 5.9-0.10 | 22.00 | 103.00 | 125.00 | OK |
Version: 5.9-0.10
Check: Rd cross-references
Result: NOTE
Undeclared package ‘Matching’ in Rd xrefs
Flavor: r-devel-linux-x86_64-fedora-clang