Last updated on 2025-11-13 01:50:32 CET.
| Flavor | Version | Tinstall | Tcheck | Ttotal | Status | Flags |
|---|---|---|---|---|---|---|
| r-devel-linux-x86_64-debian-clang | 1.0.4 | 17.46 | 63.76 | 81.22 | NOTE | |
| r-devel-linux-x86_64-debian-gcc | 1.0.4 | 12.45 | 46.26 | 58.71 | NOTE | |
| r-devel-linux-x86_64-fedora-clang | 1.0.4 | 45.00 | 86.38 | 131.38 | OK | |
| r-devel-linux-x86_64-fedora-gcc | 1.0.4 | 43.00 | 94.42 | 137.42 | OK | |
| r-devel-windows-x86_64 | 1.0.4 | 24.00 | 85.00 | 109.00 | OK | |
| r-patched-linux-x86_64 | 1.0.4 | 16.97 | 58.04 | 75.01 | OK | |
| r-release-linux-x86_64 | 1.0.4 | 15.48 | 59.06 | 74.54 | OK | |
| r-release-macos-arm64 | 1.0.4 | 7.00 | 30.00 | 37.00 | OK | |
| r-release-macos-x86_64 | 1.0.4 | 10.00 | 61.00 | 71.00 | OK | |
| r-release-windows-x86_64 | 1.0.4 | 23.00 | 88.00 | 111.00 | OK | |
| r-oldrel-macos-arm64 | 1.0.4 | 7.00 | 31.00 | 38.00 | OK | |
| r-oldrel-macos-x86_64 | 1.0.4 | 10.00 | 56.00 | 66.00 | OK | |
| r-oldrel-windows-x86_64 | 1.0.4 | 28.00 | 108.00 | 136.00 | OK |
Version: 1.0.4
Check: CRAN incoming feasibility
Result: NOTE
Maintainer: ‘Francisco Richter <richtf@usi.ch>’
The Description field contains
Environments." <arXiv:2304.01956>.
Please refer to arXiv e-prints via their arXiv DOI <doi:10.48550/arXiv.YYMM.NNNNN>.
Flavors: r-devel-linux-x86_64-debian-clang, r-devel-linux-x86_64-debian-gcc