Last updated on 2025-05-25 01:49:55 CEST.
Flavor | Version | Tinstall | Tcheck | Ttotal | Status | Flags |
---|---|---|---|---|---|---|
r-devel-linux-x86_64-debian-clang | 1.7 | 2.14 | 23.31 | 25.45 | NOTE | |
r-devel-linux-x86_64-debian-gcc | 1.7 | 1.60 | 18.46 | 20.06 | NOTE | |
r-devel-linux-x86_64-fedora-clang | 1.7 | 37.90 | OK | |||
r-devel-linux-x86_64-fedora-gcc | 1.7 | 39.76 | OK | |||
r-devel-windows-x86_64 | 1.7 | 4.00 | 48.00 | 52.00 | OK | |
r-patched-linux-x86_64 | 1.7 | 1.98 | 21.97 | 23.95 | OK | |
r-release-linux-x86_64 | 1.7 | 2.16 | 22.01 | 24.17 | OK | |
r-release-macos-arm64 | 1.7 | 17.00 | OK | |||
r-release-macos-x86_64 | 1.7 | 39.00 | OK | |||
r-release-windows-x86_64 | 1.7 | 4.00 | 47.00 | 51.00 | OK | |
r-oldrel-macos-arm64 | 1.7 | 16.00 | OK | |||
r-oldrel-macos-x86_64 | 1.7 | 31.00 | OK | |||
r-oldrel-windows-x86_64 | 1.7 | 3.00 | 42.00 | 45.00 | OK |
Version: 1.7
Check: CRAN incoming feasibility
Result: NOTE
Maintainer: ‘Aldo Marchetto <aldo.marchetto@cnr.it>’
No Authors@R field in DESCRIPTION.
Please add one, modifying
Authors@R: person(given = "Aldo",
family = "Marchetto",
role = c("aut", "cre"),
email = "aldo.marchetto@cnr.it")
as necessary.
Flavors: r-devel-linux-x86_64-debian-clang, r-devel-linux-x86_64-debian-gcc