Last updated on 2025-10-01 02:54:29 CEST.
Flavor | Version | Tinstall | Tcheck | Ttotal | Status | Flags |
---|---|---|---|---|---|---|
r-devel-linux-x86_64-debian-clang | 0.1 | 9.91 | 22.93 | 32.84 | OK | |
r-devel-linux-x86_64-debian-gcc | 0.1 | 7.44 | 18.73 | 26.17 | OK | |
r-devel-linux-x86_64-fedora-clang | 0.1 | 54.51 | NOTE | |||
r-devel-linux-x86_64-fedora-gcc | 0.1 | 50.68 | NOTE | |||
r-devel-windows-x86_64 | 0.1 | 13.00 | 64.00 | 77.00 | OK | |
r-patched-linux-x86_64 | 0.1 | 10.32 | 21.57 | 31.89 | OK | |
r-release-linux-x86_64 | 0.1 | 11.15 | 21.39 | 32.54 | OK | |
r-release-macos-arm64 | 0.1 | 21.00 | OK | |||
r-release-macos-x86_64 | 0.1 | 38.00 | OK | |||
r-release-windows-x86_64 | 0.1 | 13.00 | 61.00 | 74.00 | OK | |
r-oldrel-macos-arm64 | 0.1 | 20.00 | NOTE | |||
r-oldrel-macos-x86_64 | 0.1 | 32.00 | NOTE | |||
r-oldrel-windows-x86_64 | 0.1 | 12.00 | 71.00 | 83.00 | NOTE |
Version: 0.1
Check: compiled code
Result: NOTE
File ‘rkvo/libs/rkvo.so’:
Found no calls to: ‘R_registerRoutines’, ‘R_useDynamicSymbols’
It is good practice to register native routines and to disable symbol
search.
See ‘Writing portable packages’ in the ‘Writing R Extensions’ manual.
Flavors: r-devel-linux-x86_64-fedora-clang, r-devel-linux-x86_64-fedora-gcc
Version: 0.1
Check: LazyData
Result: NOTE
'LazyData' is specified without a 'data' directory
Flavors: r-oldrel-macos-arm64, r-oldrel-macos-x86_64, r-oldrel-windows-x86_64