Last updated on 2024-07-27 01:53:21 CEST.
Flavor | Version | Tinstall | Tcheck | Ttotal | Status | Flags |
---|---|---|---|---|---|---|
r-devel-linux-x86_64-debian-clang | 0.5.0 | 7.63 | 44.85 | 52.48 | OK | |
r-devel-linux-x86_64-debian-gcc | 0.5.0 | 7.23 | 34.36 | 41.59 | NOTE | |
r-devel-linux-x86_64-fedora-clang | 0.5.0 | 68.75 | OK | |||
r-devel-linux-x86_64-fedora-gcc | 0.5.0 | 64.66 | OK | |||
r-devel-windows-x86_64 | 0.5.0 | 9.00 | 58.00 | 67.00 | NOTE | |
r-patched-linux-x86_64 | 0.5.0 | OK | ||||
r-release-linux-x86_64 | 0.5.0 | 8.55 | 43.19 | 51.74 | OK | |
r-release-macos-arm64 | 0.5.0 | 25.00 | OK | |||
r-release-macos-x86_64 | 0.5.0 | 35.00 | OK | |||
r-release-windows-x86_64 | 0.5.0 | 7.00 | 58.00 | 65.00 | OK | |
r-oldrel-macos-arm64 | 0.5.0 | 29.00 | OK | |||
r-oldrel-macos-x86_64 | 0.5.0 | 51.00 | OK | |||
r-oldrel-windows-x86_64 | 0.5.0 | 10.00 | 64.00 | 74.00 | OK |
Version: 0.5.0
Check: Rd cross-references
Result: NOTE
Found the following Rd file(s) with Rd \link{} targets missing package
anchors:
chartEvent.Rd: App
Please provide package anchors for all Rd \link{} targets not in the
package itself and the base packages.
Flavors: r-devel-linux-x86_64-debian-gcc, r-devel-windows-x86_64