Last updated on 2024-07-27 01:53:22 CEST.
Flavor | Version | Tinstall | Tcheck | Ttotal | Status | Flags |
---|---|---|---|---|---|---|
r-devel-linux-x86_64-debian-clang | 0.0.8 | 62.50 | 78.08 | 140.58 | NOTE | |
r-devel-linux-x86_64-debian-gcc | 0.0.8 | 43.58 | 59.82 | 103.40 | NOTE | |
r-devel-linux-x86_64-fedora-clang | 0.0.8 | 226.06 | NOTE | |||
r-devel-linux-x86_64-fedora-gcc | 0.0.8 | 193.54 | NOTE | |||
r-devel-windows-x86_64 | 0.0.8 | 99.00 | 119.00 | 218.00 | NOTE | |
r-patched-linux-x86_64 | 0.0.8 | NOTE | ||||
r-release-linux-x86_64 | 0.0.8 | 50.58 | 76.91 | 127.49 | NOTE | |
r-release-macos-arm64 | 0.0.8 | 68.00 | NOTE | |||
r-release-macos-x86_64 | 0.0.8 | 111.00 | NOTE | |||
r-release-windows-x86_64 | 0.0.8 | 99.00 | 112.00 | 211.00 | NOTE | |
r-oldrel-macos-arm64 | 0.0.8 | 70.00 | NOTE | |||
r-oldrel-macos-x86_64 | 0.0.8 | 116.00 | NOTE | |||
r-oldrel-windows-x86_64 | 0.0.8 | 115.00 | 127.00 | 242.00 | NOTE |
Version: 0.0.8
Check: C++ specification
Result: NOTE
Specified C++11: please drop specification unless essential
Flavors: r-devel-linux-x86_64-debian-clang, r-devel-linux-x86_64-debian-gcc, r-devel-linux-x86_64-fedora-clang, r-devel-linux-x86_64-fedora-gcc, r-devel-windows-x86_64, r-patched-linux-x86_64, r-release-linux-x86_64, r-release-macos-arm64, r-release-macos-x86_64, r-release-windows-x86_64, r-oldrel-macos-arm64, r-oldrel-macos-x86_64, r-oldrel-windows-x86_64
Version: 0.0.8
Check: installed package size
Result: NOTE
installed size is 5.9Mb
sub-directories of 1Mb or more:
minizinc 3.4Mb
Flavors: r-devel-linux-x86_64-fedora-clang, r-devel-windows-x86_64, r-release-macos-arm64, r-release-macos-x86_64, r-release-windows-x86_64, r-oldrel-macos-arm64, r-oldrel-macos-x86_64, r-oldrel-windows-x86_64