CRAN Package Check Results for Package rmoo

Last updated on 2025-11-13 02:52:31 CET.

Flavor Version Tinstall Tcheck Ttotal Status Flags
r-devel-linux-x86_64-debian-clang 0.2.0 13.22 93.14 106.36 NOTE
r-devel-linux-x86_64-debian-gcc 0.2.0 9.08 65.54 74.62 NOTE
r-devel-linux-x86_64-fedora-clang 0.2.0 29.00 130.09 159.09 NOTE
r-devel-linux-x86_64-fedora-gcc 0.2.0 29.00 120.15 149.15 NOTE
r-devel-windows-x86_64 0.2.0 14.00 106.00 120.00 NOTE
r-patched-linux-x86_64 0.2.0 13.23 84.18 97.41 NOTE
r-release-linux-x86_64 0.2.0 11.07 84.39 95.46 NOTE
r-release-macos-arm64 0.2.0 5.00 33.00 38.00 NOTE
r-release-macos-x86_64 0.2.0 10.00 66.00 76.00 NOTE
r-release-windows-x86_64 0.2.0 13.00 103.00 116.00 NOTE
r-oldrel-macos-arm64 0.2.0 5.00 34.00 39.00 NOTE
r-oldrel-macos-x86_64 0.2.0 14.00 95.00 109.00 NOTE
r-oldrel-windows-x86_64 0.2.0 20.00 124.00 144.00 NOTE

Check Details

Version: 0.2.0
Check: Rd files
Result: NOTE checkRd: (-1) nsgaControl.Rd:20-27: Lost braces in \itemize; meant \describe ? checkRd: (-1) nsgaControl.Rd:28-35: Lost braces in \itemize; meant \describe ? checkRd: (-1) nsgaControl.Rd:36-43: Lost braces in \itemize; meant \describe ? checkRd: (-1) nsgaControl.Rd:45: Lost braces in \itemize; meant \describe ? checkRd: (-1) plot-methods.Rd:53: Lost braces in \itemize; meant \describe ? checkRd: (-1) plot-methods.Rd:54: Lost braces in \itemize; meant \describe ? checkRd: (-1) plot-methods.Rd:55: Lost braces in \itemize; meant \describe ? checkRd: (-1) plot-methods.Rd:56: Lost braces in \itemize; meant \describe ? Flavors: r-devel-linux-x86_64-debian-clang, r-devel-linux-x86_64-debian-gcc, r-devel-linux-x86_64-fedora-clang, r-devel-linux-x86_64-fedora-gcc, r-devel-windows-x86_64, r-patched-linux-x86_64, r-release-linux-x86_64, r-release-macos-arm64, r-release-macos-x86_64, r-release-windows-x86_64, r-oldrel-macos-arm64, r-oldrel-macos-x86_64, r-oldrel-windows-x86_64