Last updated on 2025-04-29 01:49:46 CEST.
Flavor | Version | Tinstall | Tcheck | Ttotal | Status | Flags |
---|---|---|---|---|---|---|
r-devel-linux-x86_64-debian-clang | 0.3.0 | 5.60 | 136.93 | 142.53 | OK | |
r-devel-linux-x86_64-debian-gcc | 0.3.0 | 5.13 | 95.19 | 100.32 | NOTE | |
r-devel-linux-x86_64-fedora-clang | 0.3.0 | 230.00 | OK | |||
r-devel-linux-x86_64-fedora-gcc | 0.3.0 | 233.69 | OK | |||
r-devel-windows-x86_64 | 0.3.0 | 7.00 | 157.00 | 164.00 | OK | |
r-patched-linux-x86_64 | 0.3.0 | 6.88 | 135.12 | 142.00 | OK | |
r-release-linux-x86_64 | 0.3.0 | 6.70 | 132.89 | 139.59 | OK | |
r-release-macos-arm64 | 0.3.0 | 76.00 | OK | |||
r-release-macos-x86_64 | 0.3.0 | 176.00 | OK | |||
r-release-windows-x86_64 | 0.3.0 | 8.00 | 157.00 | 165.00 | OK | |
r-oldrel-macos-arm64 | 0.3.0 | 66.00 | OK | |||
r-oldrel-macos-x86_64 | 0.3.0 | 152.00 | OK | |||
r-oldrel-windows-x86_64 | 0.3.0 | 9.00 | 192.00 | 201.00 | OK |
Version: 0.3.0
Check: examples
Result: NOTE
Examples with CPU (user + system) or elapsed time > 5s
user system elapsed
gaurnmf 6.087 0.012 6.929
aurnmf 5.335 0.234 6.876
Flavor: r-devel-linux-x86_64-debian-gcc