Last updated on 2025-10-25 01:51:15 CEST.
| Flavor | Version | Tinstall | Tcheck | Ttotal | Status | Flags |
|---|---|---|---|---|---|---|
| r-devel-linux-x86_64-debian-clang | 0.1.2 | 161.29 | 49.01 | 210.30 | NOTE | |
| r-devel-linux-x86_64-debian-gcc | 0.1.2 | 105.41 | 36.28 | 141.69 | NOTE | |
| r-devel-linux-x86_64-fedora-clang | 0.1.2 | 274.00 | 132.95 | 406.95 | OK | |
| r-devel-linux-x86_64-fedora-gcc | 0.1.2 | 387.00 | 9.85 | 396.85 | NOTE | |
| r-devel-windows-x86_64 | 0.1.2 | 177.00 | 93.00 | 270.00 | OK | |
| r-patched-linux-x86_64 | 0.1.2 | 161.86 | 45.20 | 207.06 | OK | |
| r-release-linux-x86_64 | 0.1.2 | 159.87 | 45.13 | 205.00 | OK | |
| r-release-macos-arm64 | 0.1.2 | 57.00 | 31.00 | 88.00 | OK | |
| r-release-macos-x86_64 | 0.1.2 | 52.00 | 51.00 | 103.00 | OK | |
| r-release-windows-x86_64 | 0.1.2 | 181.00 | 90.00 | 271.00 | OK | |
| r-oldrel-macos-arm64 | 0.1.2 | 44.00 | 30.00 | 74.00 | NOTE | |
| r-oldrel-macos-x86_64 | 0.1.2 | 88.00 | 66.00 | 154.00 | NOTE | |
| r-oldrel-windows-x86_64 | 0.1.2 | 205.00 | 112.00 | 317.00 | OK |
Version: 0.1.2
Check: Rd files
Result: NOTE
checkRd: (-1) roben-package.Rd:16-20: Only 2 columns allowed in this table (row 2 has 1)
checkRd: (-1) roben-package.Rd:16-20: Only 2 columns allowed in this table (row 4 has 1)
Flavors: r-devel-linux-x86_64-debian-clang, r-devel-linux-x86_64-debian-gcc, r-devel-linux-x86_64-fedora-gcc
Version: 0.1.2
Check: installed package size
Result: NOTE
installed size is 8.8Mb
sub-directories of 1Mb or more:
libs 8.2Mb
Flavors: r-oldrel-macos-arm64, r-oldrel-macos-x86_64