Last updated on 2025-05-06 02:50:30 CEST.
Flavor | Version | Tinstall | Tcheck | Ttotal | Status | Flags |
---|---|---|---|---|---|---|
r-devel-linux-x86_64-debian-clang | 0.1-7 | 13.37 | 151.69 | 165.06 | NOTE | |
r-devel-linux-x86_64-debian-gcc | 0.1-7 | 9.69 | 97.48 | 107.17 | NOTE | |
r-devel-linux-x86_64-fedora-clang | 0.1-7 | 242.85 | OK | |||
r-devel-linux-x86_64-fedora-gcc | 0.1-7 | 250.53 | OK | |||
r-devel-windows-x86_64 | 0.1-7 | 22.00 | 155.00 | 177.00 | OK | |
r-patched-linux-x86_64 | 0.1-7 | 12.99 | 143.31 | 156.30 | OK | |
r-release-linux-x86_64 | 0.1-7 | 12.93 | 144.12 | 157.05 | OK | |
r-release-macos-arm64 | 0.1-7 | 75.00 | OK | |||
r-release-macos-x86_64 | 0.1-7 | 147.00 | OK | |||
r-release-windows-x86_64 | 0.1-7 | 24.00 | 158.00 | 182.00 | OK | |
r-oldrel-macos-arm64 | 0.1-7 | 76.00 | OK | |||
r-oldrel-macos-x86_64 | 0.1-7 | 115.00 | OK | |||
r-oldrel-windows-x86_64 | 0.1-7 | 28.00 | 207.00 | 235.00 | OK |
Version: 0.1-7
Check: CRAN incoming feasibility
Result: NOTE
Maintainer: ‘Claudio Agostinelli <claudio.agostinelli@unitn.it>’
No Authors@R field in DESCRIPTION.
Please add one, modifying
Authors@R: c(person(given = "Claudio",
family = "Agostinelli",
role = c("aut", "cre"),
email = "claudio.agostinelli@unitn.it"),
person(given = c("Victor", "J."),
family = "Yohai",
role = "aut",
email = "victoryohai@gmail.com"))
as necessary.
Package CITATION file contains call(s) to old-style personList() or
as.personList(). Please use c() on person objects instead.
Package CITATION file contains call(s) to old-style citEntry(). Please
use bibentry() instead.
Flavors: r-devel-linux-x86_64-debian-clang, r-devel-linux-x86_64-debian-gcc