Last updated on 2025-11-15 03:50:26 CET.
| Flavor | Version | Tinstall | Tcheck | Ttotal | Status | Flags |
|---|---|---|---|---|---|---|
| r-devel-linux-x86_64-debian-clang | 1.1.3 | 10.27 | 106.16 | 116.43 | NOTE | |
| r-devel-linux-x86_64-debian-gcc | 1.1.3 | 7.30 | 77.45 | 84.75 | NOTE | |
| r-devel-linux-x86_64-fedora-clang | 1.1.3 | 24.00 | 151.07 | 175.07 | NOTE | |
| r-devel-linux-x86_64-fedora-gcc | 1.1.3 | 45.00 | 162.04 | 207.04 | NOTE | |
| r-devel-windows-x86_64 | 1.1.3 | 18.00 | 114.00 | 132.00 | NOTE | |
| r-patched-linux-x86_64 | 1.1.3 | 11.94 | 97.85 | 109.79 | NOTE | |
| r-release-linux-x86_64 | 1.1.3 | 11.08 | 98.18 | 109.26 | NOTE | |
| r-release-macos-arm64 | 1.1.3 | 4.00 | 50.00 | 54.00 | NOTE | |
| r-release-macos-x86_64 | 1.1.3 | 9.00 | 159.00 | 168.00 | NOTE | |
| r-release-windows-x86_64 | 1.1.3 | 17.00 | 118.00 | 135.00 | NOTE | |
| r-oldrel-macos-arm64 | 1.1.3 | 5.00 | 53.00 | 58.00 | NOTE | |
| r-oldrel-macos-x86_64 | 1.1.3 | 7.00 | 82.00 | 89.00 | NOTE | |
| r-oldrel-windows-x86_64 | 1.1.3 | 19.00 | 147.00 | 166.00 | NOTE |
Version: 1.1.3
Check: Rd files
Result: NOTE
checkRd: (-1) update_tidy_omic.Rd:16-17: Lost braces
16 | in \code{updated_tidy_data} (names) and the table {features, samples,
| ^
Flavors: r-devel-linux-x86_64-debian-clang, r-devel-linux-x86_64-debian-gcc, r-devel-linux-x86_64-fedora-clang, r-devel-linux-x86_64-fedora-gcc, r-devel-windows-x86_64, r-patched-linux-x86_64, r-release-linux-x86_64, r-release-macos-arm64, r-release-macos-x86_64, r-release-windows-x86_64, r-oldrel-macos-arm64, r-oldrel-macos-x86_64, r-oldrel-windows-x86_64