Last updated on 2025-11-13 02:52:31 CET.
| Flavor | Version | Tinstall | Tcheck | Ttotal | Status | Flags |
|---|---|---|---|---|---|---|
| r-devel-linux-x86_64-debian-clang | 1.0.15 | 123.74 | 87.84 | 211.58 | OK | |
| r-devel-linux-x86_64-debian-gcc | 1.0.15 | 90.04 | 68.78 | 158.82 | OK | |
| r-devel-linux-x86_64-fedora-clang | 1.0.15 | 126.00 | 213.87 | 339.87 | OK | |
| r-devel-linux-x86_64-fedora-gcc | 1.0.15 | 420.00 | -1.90 | 418.10 | OK | |
| r-devel-windows-x86_64 | 1.0.15 | 123.00 | 134.00 | 257.00 | OK | |
| r-patched-linux-x86_64 | 1.0.15 | 127.33 | 92.01 | 219.34 | OK | |
| r-release-linux-x86_64 | 1.0.15 | 126.37 | 92.00 | 218.37 | OK | |
| r-release-macos-arm64 | 1.0.15 | 50.00 | 53.00 | 103.00 | OK | |
| r-release-macos-x86_64 | 1.0.15 | 40.00 | 115.00 | 155.00 | OK | |
| r-release-windows-x86_64 | 1.0.15 | 122.00 | 134.00 | 256.00 | OK | |
| r-oldrel-macos-arm64 | 1.0.15 | 48.00 | 49.00 | 97.00 | NOTE | |
| r-oldrel-macos-x86_64 | 1.0.15 | 37.00 | 136.00 | 173.00 | NOTE | |
| r-oldrel-windows-x86_64 | 1.0.15 | 148.00 | 162.00 | 310.00 | OK |
Version: 1.0.15
Check: installed package size
Result: NOTE
installed size is 27.7Mb
sub-directories of 1Mb or more:
libs 26.6Mb
Flavors: r-oldrel-macos-arm64, r-oldrel-macos-x86_64