Last updated on 2024-07-27 01:53:22 CEST.
Flavor | Version | Tinstall | Tcheck | Ttotal | Status | Flags |
---|---|---|---|---|---|---|
r-devel-linux-x86_64-debian-clang | 0.8.1 | 33.84 | 87.49 | 121.33 | NOTE | |
r-devel-linux-x86_64-debian-gcc | 0.8.1 | 23.65 | 64.03 | 87.68 | NOTE | |
r-devel-linux-x86_64-fedora-clang | 0.8.1 | 166.29 | NOTE | |||
r-devel-linux-x86_64-fedora-gcc | 0.8.1 | 150.31 | NOTE | |||
r-devel-windows-x86_64 | 0.8.1 | 29.00 | 95.00 | 124.00 | NOTE | |
r-patched-linux-x86_64 | 0.8.1 | NOTE | ||||
r-release-linux-x86_64 | 0.8.1 | 27.34 | 80.80 | 108.14 | NOTE | |
r-release-macos-arm64 | 0.8.1 | 44.00 | NOTE | |||
r-release-macos-x86_64 | 0.8.1 | 64.00 | NOTE | |||
r-release-windows-x86_64 | 0.8.1 | 35.00 | 95.00 | 130.00 | NOTE | |
r-oldrel-macos-arm64 | 0.8.1 | 53.00 | OK | |||
r-oldrel-macos-x86_64 | 0.8.1 | 112.00 | OK | |||
r-oldrel-windows-x86_64 | 0.8.1 | 36.00 | 115.00 | 151.00 | OK |
Version: 0.8.1
Check: Rd files
Result: NOTE
checkRd: (-1) rpql.Rd:64: Lost braces in \itemize; meant \describe ?
checkRd: (-1) rpql.Rd:66: Lost braces in \itemize; meant \describe ?
checkRd: (-1) rpql.Rd:68: Lost braces in \itemize; meant \describe ?
checkRd: (-1) rpql.Rd:70: Lost braces in \itemize; meant \describe ?
checkRd: (-1) rpql.Rd:72: Lost braces in \itemize; meant \describe ?
checkRd: (-1) rpql.Rd:74: Lost braces in \itemize; meant \describe ?
Flavors: r-devel-linux-x86_64-debian-clang, r-devel-linux-x86_64-debian-gcc, r-devel-linux-x86_64-fedora-clang, r-devel-linux-x86_64-fedora-gcc, r-devel-windows-x86_64, r-patched-linux-x86_64, r-release-linux-x86_64, r-release-macos-arm64, r-release-macos-x86_64, r-release-windows-x86_64
Version: 0.8.1
Check: Rd cross-references
Result: NOTE
Found the following Rd file(s) with Rd \link{} targets missing package
anchors:
nb2.Rd: negative.binomial
Please provide package anchors for all Rd \link{} targets not in the
package itself and the base packages.
Flavors: r-devel-linux-x86_64-debian-gcc, r-devel-windows-x86_64