Last updated on 2024-07-27 01:53:22 CEST.
Flavor | Version | Tinstall | Tcheck | Ttotal | Status | Flags |
---|---|---|---|---|---|---|
r-devel-linux-x86_64-debian-clang | 0.3-0 | 20.31 | 91.89 | 112.20 | OK | |
r-devel-linux-x86_64-debian-gcc | 0.3-0 | 16.07 | 70.92 | 86.99 | NOTE | |
r-devel-linux-x86_64-fedora-clang | 0.3-0 | 162.35 | OK | |||
r-devel-linux-x86_64-fedora-gcc | 0.3-0 | 138.89 | OK | |||
r-devel-windows-x86_64 | 0.3-0 | 25.00 | 112.00 | 137.00 | NOTE | |
r-patched-linux-x86_64 | 0.3-0 | OK | ||||
r-release-linux-x86_64 | 0.3-0 | 13.41 | 87.77 | 101.18 | OK | |
r-release-macos-arm64 | 0.3-0 | 47.00 | OK | |||
r-release-macos-x86_64 | 0.3-0 | 71.00 | OK | |||
r-release-windows-x86_64 | 0.3-0 | 27.00 | 110.00 | 137.00 | OK | |
r-oldrel-macos-arm64 | 0.3-0 | 60.00 | OK | |||
r-oldrel-macos-x86_64 | 0.3-0 | 88.00 | OK | |||
r-oldrel-windows-x86_64 | 0.3-0 | 28.00 | 133.00 | 161.00 | OK |
Version: 0.3-0
Check: Rd cross-references
Result: NOTE
Found the following Rd file(s) with Rd \link{} targets missing package
anchors:
OutlierMahdist.Rd: CovControlMcd-class, CovControlOgk-class,
CovControlSest-class, CovRobust
OutlierPCDist.Rd: CovControlMcd-class, CovControlOgk-class,
CovControlSest-class
SPcaGrid-class.Rd: PcaGrid-class, PcaRobust-class, Pca-class,
PcaClassic, PcaClassic-class
Please provide package anchors for all Rd \link{} targets not in the
package itself and the base packages.
Flavors: r-devel-linux-x86_64-debian-gcc, r-devel-windows-x86_64