Last updated on 2024-07-27 01:53:22 CEST.
Flavor | Version | Tinstall | Tcheck | Ttotal | Status | Flags |
---|---|---|---|---|---|---|
r-devel-linux-x86_64-debian-clang | 0.5-1 | 16.59 | 67.95 | 84.54 | OK | |
r-devel-linux-x86_64-debian-gcc | 0.5-1 | 9.68 | 52.24 | 61.92 | NOTE | |
r-devel-linux-x86_64-fedora-clang | 0.5-1 | 103.14 | OK | |||
r-devel-linux-x86_64-fedora-gcc | 0.5-1 | 97.68 | OK | |||
r-devel-windows-x86_64 | 0.5-1 | 16.00 | 75.00 | 91.00 | NOTE | |
r-patched-linux-x86_64 | 0.5-1 | OK | ||||
r-release-linux-x86_64 | 0.5-1 | 10.09 | 65.92 | 76.01 | OK | |
r-release-macos-arm64 | 0.5-1 | 33.00 | OK | |||
r-release-macos-x86_64 | 0.5-1 | 50.00 | OK | |||
r-release-windows-x86_64 | 0.5-1 | 14.00 | 73.00 | 87.00 | OK | |
r-oldrel-macos-arm64 | 0.5-1 | 39.00 | OK | |||
r-oldrel-macos-x86_64 | 0.5-1 | 75.00 | OK | |||
r-oldrel-windows-x86_64 | 0.5-1 | 18.00 | 84.00 | 102.00 | OK |
Version: 0.5-1
Check: Rd cross-references
Result: NOTE
Found the following Rd file(s) with Rd \link{} targets missing package
anchors:
CovNA-class.Rd: Cov-class
CovNAClassic.Rd: Cov-class, CovClassic-class
CovNAMcd-class.Rd: CovRobust-class, Cov-class, CovMcd
CovNAMcd.Rd: CovControlMcd-class, CovMcd-class
CovNAOgk-class.Rd: CovRobust-class, Cov-class, CovMcd-class,
CovMest-class
CovNAOgk.Rd: CovControlOgk-class, CovControlOgk
CovNARobust-class.Rd: Cov-class, CovRobust-class
CovNARobust.Rd: CovControlMcd-class, CovControlOgk-class,
CovControlSest-class
CovNASde-class.Rd: CovRobust-class, Cov-class, CovSde
CovNASde.Rd: CovControlSde-class
CovNASest-class.Rd: CovRobust-class, Cov-class, CovSest
CovNASest.Rd: CovControlSest-class
PcaNA-class.Rd: Pca-class, PcaRobust-class, PcaClassic,
PcaClassic-class
PcaNA.Rd: Pca-class
SummaryCovNARobust-class.Rd: CovRobust-class, SummaryCov-class
impnorm.Rd: prelim.norm, makeparam.norm, rngseed
Please provide package anchors for all Rd \link{} targets not in the
package itself and the base packages.
Flavors: r-devel-linux-x86_64-debian-gcc, r-devel-windows-x86_64