Last updated on 2025-05-25 02:50:18 CEST.
Flavor | Version | Tinstall | Tcheck | Ttotal | Status | Flags |
---|---|---|---|---|---|---|
r-devel-linux-x86_64-debian-clang | 1.1 | 30.14 | 45.81 | 75.95 | NOTE | |
r-devel-linux-x86_64-debian-gcc | 1.1 | 21.21 | 34.21 | 55.42 | NOTE | |
r-devel-linux-x86_64-fedora-clang | 1.1 | 126.77 | OK | |||
r-devel-linux-x86_64-fedora-gcc | 1.1 | 132.25 | OK | |||
r-devel-windows-x86_64 | 1.1 | 31.00 | 123.00 | 154.00 | OK | |
r-patched-linux-x86_64 | 1.1 | 30.57 | 43.19 | 73.76 | OK | |
r-release-linux-x86_64 | 1.1 | 30.19 | 43.96 | 74.15 | OK | |
r-release-macos-arm64 | 1.1 | 36.00 | OK | |||
r-release-macos-x86_64 | 1.1 | 84.00 | OK | |||
r-release-windows-x86_64 | 1.1 | 31.00 | 87.00 | 118.00 | OK | |
r-oldrel-macos-arm64 | 1.1 | 35.00 | OK | |||
r-oldrel-macos-x86_64 | 1.1 | 68.00 | OK | |||
r-oldrel-windows-x86_64 | 1.1 | 28.00 | 105.00 | 133.00 | OK |
Version: 1.1
Check: CRAN incoming feasibility
Result: NOTE
Maintainer: ‘Bowen Wang <bowenwang7@gmail.com>’
No Authors@R field in DESCRIPTION.
Please add one, modifying
Authors@R: person(given = "Bowen",
family = "Wang",
role = c("aut", "cre"),
email = "bowenwang7@gmail.com")
as necessary.
Flavors: r-devel-linux-x86_64-debian-clang, r-devel-linux-x86_64-debian-gcc