Last updated on 2025-11-13 02:52:31 CET.
| Flavor | Version | Tinstall | Tcheck | Ttotal | Status | Flags |
|---|---|---|---|---|---|---|
| r-devel-linux-x86_64-debian-clang | 2.1.2 | 13.33 | 118.70 | 132.03 | NOTE | |
| r-devel-linux-x86_64-debian-gcc | 2.1.2 | 10.64 | 81.97 | 92.61 | NOTE | |
| r-devel-linux-x86_64-fedora-clang | 2.1.2 | 34.00 | 172.35 | 206.35 | OK | |
| r-devel-linux-x86_64-fedora-gcc | 2.1.2 | 124.00 | 94.68 | 218.68 | OK | |
| r-devel-windows-x86_64 | 2.1.2 | 17.00 | 118.00 | 135.00 | OK | |
| r-patched-linux-x86_64 | 2.1.2 | 16.84 | 110.29 | 127.13 | OK | |
| r-release-linux-x86_64 | 2.1.2 | 15.71 | 110.07 | 125.78 | OK | |
| r-release-macos-arm64 | 2.1.2 | 6.00 | 48.00 | 54.00 | OK | |
| r-release-macos-x86_64 | 2.1.2 | 12.00 | 83.00 | 95.00 | OK | |
| r-release-windows-x86_64 | 2.1.2 | 18.00 | 116.00 | 134.00 | OK | |
| r-oldrel-macos-arm64 | 2.1.2 | 6.00 | 40.00 | 46.00 | OK | |
| r-oldrel-macos-x86_64 | 2.1.2 | 9.00 | 61.00 | 70.00 | OK | |
| r-oldrel-windows-x86_64 | 2.1.2 | 24.00 | 151.00 | 175.00 | OK |
Version: 2.1.2
Check: CRAN incoming feasibility
Result: NOTE
Maintainer: ‘Matthias Greiner <matthias.greiner@bfr.bund.de>’
Found the following \keyword or \concept entries
which likely give several index terms:
File ‘rriskDistributions-package.Rd’:
\concept{
Beta, Normal, Lognormal, Cauhy, Chi-Quad [TRUNCATED]
Flavors: r-devel-linux-x86_64-debian-clang, r-devel-linux-x86_64-debian-gcc