Last updated on 2025-07-17 02:49:37 CEST.
Flavor | Version | Tinstall | Tcheck | Ttotal | Status | Flags |
---|---|---|---|---|---|---|
r-devel-linux-x86_64-debian-clang | 0.5.3 | 148.39 | 131.18 | 279.57 | OK | |
r-devel-linux-x86_64-debian-gcc | 0.5.3 | 100.52 | 93.43 | 193.95 | OK | |
r-devel-linux-x86_64-fedora-clang | 0.5.3 | 493.16 | NOTE | |||
r-devel-linux-x86_64-fedora-gcc | 0.5.3 | 456.64 | NOTE | |||
r-devel-windows-x86_64 | 0.5.3 | 169.00 | 150.00 | 319.00 | OK | |
r-patched-linux-x86_64 | 0.5.3 | 144.14 | 119.57 | 263.71 | OK | |
r-release-linux-x86_64 | 0.5.3 | 142.65 | 120.27 | 262.92 | OK | |
r-release-macos-arm64 | 0.5.3 | 123.00 | OK | |||
r-release-macos-x86_64 | 0.5.3 | 181.00 | OK | |||
r-release-windows-x86_64 | 0.5.3 | 175.00 | 151.00 | 326.00 | OK | |
r-oldrel-macos-arm64 | 0.5.3 | 107.00 | NOTE | |||
r-oldrel-macos-x86_64 | 0.5.3 | 229.00 | NOTE | |||
r-oldrel-windows-x86_64 | 0.5.3 | 202.00 | 184.00 | 386.00 | OK |
Version: 0.5.3
Check: dependencies in R code
Result: NOTE
Namespace in Imports field not imported from: ‘MatrixExtra’
All declared Imports should be used.
Flavors: r-devel-linux-x86_64-fedora-clang, r-devel-linux-x86_64-fedora-gcc
Version: 0.5.3
Check: installed package size
Result: NOTE
installed size is 10.2Mb
sub-directories of 1Mb or more:
libs 9.5Mb
Flavors: r-oldrel-macos-arm64, r-oldrel-macos-x86_64