Last updated on 2025-02-14 02:49:54 CET.
Flavor | Version | Tinstall | Tcheck | Ttotal | Status | Flags |
---|---|---|---|---|---|---|
r-devel-linux-x86_64-debian-clang | 1.0.4 | 5.24 | 56.30 | 61.54 | OK | |
r-devel-linux-x86_64-debian-gcc | 1.0.4 | 3.61 | 39.63 | 43.24 | OK | |
r-devel-linux-x86_64-fedora-clang | 1.0.4 | 95.99 | OK | |||
r-devel-linux-x86_64-fedora-gcc | 1.0.4 | 103.62 | OK | |||
r-devel-windows-x86_64 | 1.0.4 | 9.00 | 84.00 | 93.00 | OK | |
r-patched-linux-x86_64 | 1.0.4 | 4.57 | 51.43 | 56.00 | NOTE | |
r-release-linux-x86_64 | 1.0.4 | 4.14 | 51.58 | 55.72 | NOTE | |
r-release-macos-arm64 | 1.0.4 | 52.00 | NOTE | |||
r-release-macos-x86_64 | 1.0.4 | 75.00 | NOTE | |||
r-release-windows-x86_64 | 1.0.4 | 7.00 | 85.00 | 92.00 | NOTE | |
r-oldrel-macos-arm64 | 1.0.4 | 46.00 | NOTE | |||
r-oldrel-macos-x86_64 | 1.0.4 | 64.00 | NOTE | |||
r-oldrel-windows-x86_64 | 1.0.4 | 7.00 | 103.00 | 110.00 | NOTE |
Version: 1.0.4
Check: LazyData
Result: NOTE
'LazyData' is specified without a 'data' directory
Flavors: r-patched-linux-x86_64, r-release-linux-x86_64, r-release-macos-arm64, r-release-macos-x86_64, r-release-windows-x86_64, r-oldrel-macos-arm64, r-oldrel-macos-x86_64, r-oldrel-windows-x86_64