Last updated on 2025-11-13 01:50:33 CET.
| Flavor | Version | Tinstall | Tcheck | Ttotal | Status | Flags |
|---|---|---|---|---|---|---|
| r-devel-linux-x86_64-debian-clang | 2.32.2 | 1831.57 | 503.85 | 2335.42 | OK | |
| r-devel-linux-x86_64-debian-gcc | 2.32.2 | 1313.17 | 464.66 | 1777.83 | OK | |
| r-devel-linux-x86_64-fedora-clang | 2.32.2 | 3000.00 | 250.87 | 3250.87 | OK | |
| r-devel-linux-x86_64-fedora-gcc | 2.32.2 | 4380.00 | -612.91 | 3767.09 | OK | |
| r-devel-windows-x86_64 | 2.32.2 | 1478.00 | 301.00 | 1779.00 | OK | --no-examples --no-tests --no-vignettes |
| r-patched-linux-x86_64 | 2.32.2 | 1901.21 | 638.39 | 2539.60 | OK | |
| r-release-linux-x86_64 | 2.32.2 | 1898.95 | 637.83 | 2536.78 | OK | |
| r-release-macos-arm64 | 2.32.2 | 660.00 | 125.00 | 785.00 | OK | |
| r-release-macos-x86_64 | 2.32.2 | 528.00 | 271.00 | 799.00 | OK | |
| r-release-windows-x86_64 | 2.32.2 | 1420.00 | 357.00 | 1777.00 | OK | --no-examples --no-tests --no-vignettes |
| r-oldrel-macos-arm64 | 2.32.2 | 720.00 | 114.00 | 834.00 | NOTE | |
| r-oldrel-macos-x86_64 | 2.32.2 | 780.00 | 211.00 | 991.00 | NOTE | |
| r-oldrel-windows-x86_64 | 2.32.2 | 1665.00 | 338.00 | 2003.00 | NOTE | --no-examples --no-tests --no-vignettes |
Version: 2.32.2
Check: installed package size
Result: NOTE
installed size is 312.4Mb
sub-directories of 1Mb or more:
R 2.1Mb
doc 4.8Mb
libs 304.5Mb
Flavors: r-oldrel-macos-arm64, r-oldrel-macos-x86_64
Version: 2.32.2
Check: for GNU extensions in Makefiles
Result: NOTE
GNU make is a SystemRequirements.
Flavors: r-oldrel-macos-arm64, r-oldrel-macos-x86_64
Version: 2.32.2
Flags: --no-examples --no-tests --no-vignettes
Check: installed package size
Result: NOTE
installed size is 20.9Mb
sub-directories of 1Mb or more:
R 1.8Mb
doc 4.8Mb
libs 13.2Mb
Flavor: r-oldrel-windows-x86_64
Version: 2.32.2
Flags: --no-examples --no-tests --no-vignettes
Check: for GNU extensions in Makefiles
Result: NOTE
GNU make is a SystemRequirements.
Flavor: r-oldrel-windows-x86_64