Last updated on 2025-02-10 02:50:03 CET.
Flavor | Version | Tinstall | Tcheck | Ttotal | Status | Flags |
---|---|---|---|---|---|---|
r-devel-linux-x86_64-debian-clang | 0.0.3 | 508.03 | 185.30 | 693.33 | OK | |
r-devel-linux-x86_64-debian-gcc | 0.0.3 | 470.12 | 179.49 | 649.61 | OK | |
r-devel-linux-x86_64-fedora-clang | 0.0.3 | 1143.18 | OK | |||
r-devel-linux-x86_64-fedora-gcc | 0.0.3 | 1578.38 | OK | |||
r-devel-windows-x86_64 | 0.0.3 | 506.00 | 223.00 | 729.00 | OK | |
r-patched-linux-x86_64 | 0.0.3 | 620.03 | 228.55 | 848.58 | NOTE | |
r-release-linux-x86_64 | 0.0.3 | 635.79 | 229.68 | 865.47 | NOTE | |
r-release-macos-arm64 | 0.0.3 | 153.00 | NOTE | |||
r-release-macos-x86_64 | 0.0.3 | 150.00 | NOTE | |||
r-release-windows-x86_64 | 0.0.3 | 496.00 | 230.00 | 726.00 | NOTE | |
r-oldrel-macos-arm64 | 0.0.3 | 305.00 | NOTE | |||
r-oldrel-macos-x86_64 | 0.0.3 | 339.00 | NOTE | |||
r-oldrel-windows-x86_64 | 0.0.3 | 673.00 | 296.00 | 969.00 | NOTE |
Version: 0.0.3
Check: for GNU extensions in Makefiles
Result: NOTE
GNU make is a SystemRequirements.
Flavors: r-patched-linux-x86_64, r-release-linux-x86_64, r-release-macos-arm64, r-release-macos-x86_64, r-release-windows-x86_64, r-oldrel-macos-arm64, r-oldrel-macos-x86_64, r-oldrel-windows-x86_64
Version: 0.0.3
Check: installed package size
Result: NOTE
installed size is 94.7Mb
sub-directories of 1Mb or more:
libs 94.4Mb
Flavors: r-release-macos-arm64, r-release-macos-x86_64, r-oldrel-macos-arm64, r-oldrel-macos-x86_64