Last updated on 2025-11-02 02:50:55 CET.
| Flavor | Version | Tinstall | Tcheck | Ttotal | Status | Flags |
|---|---|---|---|---|---|---|
| r-devel-linux-x86_64-debian-clang | 0.1.1 | 7.94 | 61.69 | 69.63 | OK | |
| r-devel-linux-x86_64-debian-gcc | 0.1.1 | 5.07 | 44.26 | 49.33 | OK | |
| r-devel-linux-x86_64-fedora-clang | 0.1.1 | 16.00 | 87.86 | 103.86 | OK | |
| r-devel-linux-x86_64-fedora-gcc | 0.1.1 | 16.00 | 82.63 | 98.63 | OK | |
| r-devel-windows-x86_64 | 0.1.1 | 8.00 | 68.00 | 76.00 | OK | |
| r-patched-linux-x86_64 | 0.1.1 | 7.28 | 56.36 | 63.64 | OK | |
| r-release-linux-x86_64 | 0.1.1 | 7.58 | 56.41 | 63.99 | OK | |
| r-release-macos-arm64 | 0.1.1 | 3.00 | 24.00 | 27.00 | OK | |
| r-release-macos-x86_64 | 0.1.1 | 5.00 | 42.00 | 47.00 | OK | |
| r-release-windows-x86_64 | 0.1.1 | 8.00 | 68.00 | 76.00 | OK | |
| r-oldrel-macos-arm64 | 0.1.1 | 3.00 | 24.00 | 27.00 | NOTE | |
| r-oldrel-macos-x86_64 | 0.1.1 | 7.00 | 56.00 | 63.00 | NOTE | |
| r-oldrel-windows-x86_64 | 0.1.1 | 12.00 | 84.00 | 96.00 | NOTE |
Version: 0.1.1
Check: LazyData
Result: NOTE
'LazyData' is specified without a 'data' directory
Flavors: r-oldrel-macos-arm64, r-oldrel-macos-x86_64, r-oldrel-windows-x86_64