Last updated on 2025-05-06 02:50:31 CEST.
Flavor | Version | Tinstall | Tcheck | Ttotal | Status | Flags |
---|---|---|---|---|---|---|
r-devel-linux-x86_64-debian-clang | 0.7.1 | 6.38 | 36.73 | 43.11 | NOTE | |
r-devel-linux-x86_64-debian-gcc | 0.7.1 | 4.44 | 26.99 | 31.43 | NOTE | |
r-devel-linux-x86_64-fedora-clang | 0.7.1 | 70.88 | NOTE | |||
r-devel-linux-x86_64-fedora-gcc | 0.7.1 | 68.74 | NOTE | |||
r-devel-windows-x86_64 | 0.7.1 | 10.00 | 65.00 | 75.00 | NOTE | |
r-patched-linux-x86_64 | 0.7.1 | 6.43 | 34.81 | 41.24 | NOTE | |
r-release-linux-x86_64 | 0.7.1 | 5.74 | 34.96 | 40.70 | NOTE | |
r-release-macos-arm64 | 0.7.1 | 27.00 | NOTE | |||
r-release-macos-x86_64 | 0.7.1 | 41.00 | NOTE | |||
r-release-windows-x86_64 | 0.7.1 | 10.00 | 68.00 | 78.00 | NOTE | |
r-oldrel-macos-arm64 | 0.7.1 | 27.00 | NOTE | |||
r-oldrel-macos-x86_64 | 0.7.1 | 34.00 | NOTE | |||
r-oldrel-windows-x86_64 | 0.7.1 | 10.00 | 63.00 | 73.00 | NOTE |
Version: 0.7.1
Check: Rd files
Result: NOTE
checkRd: (-1) Valpha.Rd:15: Lost braces; missing escapes or markup?
15 | \item{V}{a numeric vector with (i,j) entry: V[i,j] = P(theta_{i} >= theta[alpha_{j}]|data) }
| ^
checkRd: (-1) Valpha.Rd:15: Lost braces; missing escapes or markup?
15 | \item{V}{a numeric vector with (i,j) entry: V[i,j] = P(theta_{i} >= theta[alpha_{j}]|data) }
| ^
Flavors: r-devel-linux-x86_64-debian-clang, r-devel-linux-x86_64-debian-gcc, r-devel-linux-x86_64-fedora-clang, r-devel-linux-x86_64-fedora-gcc, r-devel-windows-x86_64, r-patched-linux-x86_64, r-release-linux-x86_64, r-release-macos-arm64, r-release-macos-x86_64, r-release-windows-x86_64, r-oldrel-macos-arm64, r-oldrel-macos-x86_64, r-oldrel-windows-x86_64