Last updated on 2025-05-28 01:49:59 CEST.
Flavor | Version | Tinstall | Tcheck | Ttotal | Status | Flags |
---|---|---|---|---|---|---|
r-devel-linux-x86_64-debian-clang | 1.3-8 | 31.79 | 324.14 | 355.93 | OK | |
r-devel-linux-x86_64-debian-gcc | 1.3-8 | 19.42 | 207.58 | 227.00 | OK | |
r-devel-linux-x86_64-fedora-clang | 1.3-8 | 560.65 | OK | |||
r-devel-linux-x86_64-fedora-gcc | 1.3-8 | 554.92 | OK | |||
r-devel-windows-x86_64 | 1.3-8 | 28.00 | 288.00 | 316.00 | OK | |
r-patched-linux-x86_64 | 1.3-8 | 28.05 | 309.09 | 337.14 | OK | |
r-release-linux-x86_64 | 1.3-8 | 30.01 | 304.91 | 334.92 | OK | |
r-release-macos-arm64 | 1.3-8 | 140.00 | OK | |||
r-release-macos-x86_64 | 1.3-8 | 323.00 | OK | |||
r-release-windows-x86_64 | 1.3-8 | 28.00 | 289.00 | 317.00 | OK | |
r-oldrel-macos-arm64 | 1.3-8 | 124.00 | NOTE | |||
r-oldrel-macos-x86_64 | 1.3-8 | 213.00 | NOTE | |||
r-oldrel-windows-x86_64 | 1.3-8 | 39.00 | 376.00 | 415.00 | NOTE |
Version: 1.3-8
Check: installed package size
Result: NOTE
installed size is 6.3Mb
sub-directories of 1Mb or more:
data 2.1Mb
doc 3.9Mb
Flavors: r-oldrel-macos-arm64, r-oldrel-macos-x86_64, r-oldrel-windows-x86_64