Last updated on 2024-07-27 01:53:22 CEST.
Flavor | Version | Tinstall | Tcheck | Ttotal | Status | Flags |
---|---|---|---|---|---|---|
r-devel-linux-x86_64-debian-clang | 2.0.19 | 227.20 | 54.56 | 281.76 | NOTE | |
r-devel-linux-x86_64-debian-gcc | 2.0.19 | 149.77 | 41.90 | 191.67 | NOTE | |
r-devel-linux-x86_64-fedora-clang | 2.0.19 | 391.77 | NOTE | |||
r-devel-linux-x86_64-fedora-gcc | 2.0.19 | 341.66 | NOTE | |||
r-devel-windows-x86_64 | 2.0.19 | 135.00 | 99.00 | 234.00 | NOTE | |
r-patched-linux-x86_64 | 2.0.19 | OK | ||||
r-release-linux-x86_64 | 2.0.19 | 170.70 | 51.11 | 221.81 | OK | |
r-release-macos-arm64 | 2.0.19 | 1113.00 | NOTE | |||
r-release-macos-x86_64 | 2.0.19 | 186.00 | NOTE | |||
r-release-windows-x86_64 | 2.0.19 | 146.00 | 100.00 | 246.00 | OK | |
r-oldrel-macos-arm64 | 2.0.19 | 905.00 | NOTE | |||
r-oldrel-macos-x86_64 | 2.0.19 | 187.00 | NOTE | |||
r-oldrel-windows-x86_64 | 2.0.19 | 165.00 | 113.00 | 278.00 | OK |
Version: 2.0.19
Check: compiled code
Result: NOTE
File ‘rxode2parse/libs/rxode2parse.so’:
Found non-API call to R: ‘SET_TYPEOF’
Compiled code should not call non-API entry points in R.
See ‘Writing portable packages’ in the ‘Writing R Extensions’ manual,
and section ‘Moving into C API compliance’ for issues with the use of
non-API entry points.
Flavors: r-devel-linux-x86_64-debian-clang, r-devel-linux-x86_64-debian-gcc, r-devel-linux-x86_64-fedora-clang, r-devel-linux-x86_64-fedora-gcc
Version: 2.0.19
Check: compiled code
Result: NOTE
File 'rxode2parse/libs/x64/rxode2parse.dll':
Found non-API call to R: 'SET_TYPEOF'
Compiled code should not call non-API entry points in R.
See 'Writing portable packages' in the 'Writing R Extensions' manual,
and section 'Moving into C API compliance' for issues with the use of
non-API entry points.
Flavor: r-devel-windows-x86_64
Version: 2.0.19
Check: installed package size
Result: NOTE
installed size is 32.1Mb
sub-directories of 1Mb or more:
libs 31.8Mb
Flavors: r-release-macos-arm64, r-release-macos-x86_64, r-oldrel-macos-arm64, r-oldrel-macos-x86_64