Last updated on 2024-07-27 01:53:22 CEST.
Flavor | Version | Tinstall | Tcheck | Ttotal | Status | Flags |
---|---|---|---|---|---|---|
r-devel-linux-x86_64-debian-clang | 1.1-1 | 16.12 | 109.57 | 125.69 | OK | |
r-devel-linux-x86_64-debian-gcc | 1.1-1 | 9.31 | 81.16 | 90.47 | NOTE | |
r-devel-linux-x86_64-fedora-clang | 1.1-1 | 156.39 | OK | |||
r-devel-linux-x86_64-fedora-gcc | 1.1-1 | 142.98 | OK | |||
r-devel-windows-x86_64 | 1.1-1 | 12.00 | 90.00 | 102.00 | NOTE | |
r-patched-linux-x86_64 | 1.1-1 | OK | ||||
r-release-linux-x86_64 | 1.1-1 | 8.67 | 101.00 | 109.67 | OK | |
r-release-macos-arm64 | 1.1-1 | 44.00 | OK | |||
r-release-macos-x86_64 | 1.1-1 | 82.00 | OK | |||
r-release-windows-x86_64 | 1.1-1 | 11.00 | 91.00 | 102.00 | OK | |
r-oldrel-macos-arm64 | 1.1-1 | 45.00 | OK | |||
r-oldrel-macos-x86_64 | 1.1-1 | 84.00 | OK | |||
r-oldrel-windows-x86_64 | 1.1-1 | 16.00 | 107.00 | 123.00 | OK |
Version: 1.1-1
Check: Rd cross-references
Result: NOTE
Found the following Rd file(s) with Rd \link{} targets missing package
anchors:
BCs4vd.Rd: biclust, Biclust
BCssvd.Rd: biclust, Biclust
Please provide package anchors for all Rd \link{} targets not in the
package itself and the base packages.
Flavors: r-devel-linux-x86_64-debian-gcc, r-devel-windows-x86_64