Last updated on 2025-11-13 01:50:34 CET.
| Flavor | Version | Tinstall | Tcheck | Ttotal | Status | Flags |
|---|---|---|---|---|---|---|
| r-devel-linux-x86_64-debian-clang | 0.3.0 | 7.63 | 442.60 | 450.23 | OK | |
| r-devel-linux-x86_64-debian-gcc | 0.3.0 | 4.86 | 276.55 | 281.41 | OK | |
| r-devel-linux-x86_64-fedora-clang | 0.3.0 | 16.00 | 752.36 | 768.36 | OK | |
| r-devel-linux-x86_64-fedora-gcc | 0.3.0 | 26.00 | 772.32 | 798.32 | OK | |
| r-devel-windows-x86_64 | 0.3.0 | 9.00 | 372.00 | 381.00 | OK | |
| r-patched-linux-x86_64 | 0.3.0 | 6.84 | 418.51 | 425.35 | OK | |
| r-release-linux-x86_64 | 0.3.0 | 6.48 | 417.22 | 423.70 | OK | |
| r-release-macos-arm64 | 0.3.0 | 3.00 | 227.00 | 230.00 | OK | |
| r-release-macos-x86_64 | 0.3.0 | 5.00 | 338.00 | 343.00 | OK | |
| r-release-windows-x86_64 | 0.3.0 | 8.00 | 369.00 | 377.00 | OK | |
| r-oldrel-macos-arm64 | 0.3.0 | 2.00 | 154.00 | 156.00 | NOTE | |
| r-oldrel-macos-x86_64 | 0.3.0 | 4.00 | 252.00 | 256.00 | NOTE | |
| r-oldrel-windows-x86_64 | 0.3.0 | 11.00 | 487.00 | 498.00 | NOTE |
Version: 0.3.0
Check: LazyData
Result: NOTE
'LazyData' is specified without a 'data' directory
Flavors: r-oldrel-macos-arm64, r-oldrel-macos-x86_64, r-oldrel-windows-x86_64