Last updated on 2025-10-30 01:50:15 CET.
| Flavor | Version | Tinstall | Tcheck | Ttotal | Status | Flags | 
|---|---|---|---|---|---|---|
| r-devel-linux-x86_64-debian-clang | 0.1.0 | 9.14 | 83.17 | 92.31 | NOTE | |
| r-devel-linux-x86_64-debian-gcc | 0.1.0 | 6.32 | 57.20 | 63.52 | NOTE | |
| r-devel-linux-x86_64-fedora-clang | 0.1.0 | 21.00 | 120.99 | 141.99 | OK | |
| r-devel-linux-x86_64-fedora-gcc | 0.1.0 | 19.00 | 113.15 | 132.15 | OK | |
| r-devel-windows-x86_64 | 0.1.0 | 11.00 | 84.00 | 95.00 | OK | |
| r-patched-linux-x86_64 | 0.1.0 | 7.04 | 76.59 | 83.63 | OK | |
| r-release-linux-x86_64 | 0.1.0 | 8.51 | 76.70 | 85.21 | OK | |
| r-release-macos-arm64 | 0.1.0 | 4.00 | 37.00 | 41.00 | OK | |
| r-release-macos-x86_64 | 0.1.0 | 8.00 | 64.00 | 72.00 | OK | |
| r-release-windows-x86_64 | 0.1.0 | 11.00 | 87.00 | 98.00 | OK | |
| r-oldrel-macos-arm64 | 0.1.0 | 4.00 | 35.00 | 39.00 | NOTE | |
| r-oldrel-macos-x86_64 | 0.1.0 | 6.00 | 54.00 | 60.00 | NOTE | |
| r-oldrel-windows-x86_64 | 0.1.0 | 13.00 | 107.00 | 120.00 | NOTE | 
Version: 0.1.0
Check: CRAN incoming feasibility
Result: NOTE
  Maintainer: ‘Norbert Krautenbacher <norbert.krautenbacher@tum.de>’
  
  No Authors@R field in DESCRIPTION.
  Please add one, modifying
    Authors@R: c(person(given = "Norbert",
                        family = "Krautenbacher",
                        role = c("aut", "cre"),
                        email = "norbert.krautenbacher@tum.de"),
                 person(given = "Kevin",
                        family = "Strauss",
                        role = "aut"),
                 person(given = "Maximilian",
                        family = "Mandl",
                        role = "aut"),
                 person(given = "Christiane",
                        family = "Fuchs",
                        role = "aut"))
  as necessary.
Flavors: r-devel-linux-x86_64-debian-clang, r-devel-linux-x86_64-debian-gcc
Version: 0.1.0
Check: LazyData
Result: NOTE
    'LazyData' is specified without a 'data' directory
Flavors: r-oldrel-macos-arm64, r-oldrel-macos-x86_64, r-oldrel-windows-x86_64