Last updated on 2025-11-20 02:49:26 CET.
| Flavor | Version | Tinstall | Tcheck | Ttotal | Status | Flags |
|---|---|---|---|---|---|---|
| r-devel-linux-x86_64-debian-clang | 0.1.0 | 1.77 | 23.99 | 25.76 | NOTE | |
| r-devel-linux-x86_64-debian-gcc | 0.1.0 | 1.36 | 20.09 | 21.45 | NOTE | |
| r-devel-linux-x86_64-fedora-clang | 0.1.0 | 39.72 | OK | |||
| r-devel-linux-x86_64-fedora-gcc | 0.1.0 | 52.20 | OK | |||
| r-devel-windows-x86_64 | 0.1.0 | 5.00 | 43.00 | 48.00 | OK | |
| r-patched-linux-x86_64 | 0.1.0 | 1.90 | 22.28 | 24.18 | OK | |
| r-release-linux-x86_64 | 0.1.0 | 1.53 | 22.32 | 23.85 | OK | |
| r-release-macos-arm64 | 0.1.0 | OK | ||||
| r-release-macos-x86_64 | 0.1.0 | 2.00 | 54.00 | 56.00 | OK | |
| r-release-windows-x86_64 | 0.1.0 | 3.00 | 42.00 | 45.00 | OK | |
| r-oldrel-macos-arm64 | 0.1.0 | OK | ||||
| r-oldrel-macos-x86_64 | 0.1.0 | 2.00 | 34.00 | 36.00 | OK | |
| r-oldrel-windows-x86_64 | 0.1.0 | 3.00 | 48.00 | 51.00 | OK |
Version: 0.1.0
Check: CRAN incoming feasibility
Result: NOTE
Maintainer: ‘Meiyue Wang <mwang024@ucr.edu>’
No Authors@R field in DESCRIPTION.
Please add one, modifying
Authors@R: c(person(given = "Meiyue",
family = "Wang",
role = c("aut", "cre"),
email = "mwang024@ucr.edu"),
person(given = "Shizhong",
family = "Xu",
role = "aut"))
as necessary.
Flavors: r-devel-linux-x86_64-debian-clang, r-devel-linux-x86_64-debian-gcc