Last updated on 2025-10-25 01:51:16 CEST.
| Flavor | Version | Tinstall | Tcheck | Ttotal | Status | Flags |
|---|---|---|---|---|---|---|
| r-devel-linux-x86_64-debian-clang | 1.2 | 6.93 | 63.99 | 70.92 | OK | |
| r-devel-linux-x86_64-debian-gcc | 1.2 | 6.84 | 47.57 | 54.41 | OK | |
| r-devel-linux-x86_64-fedora-clang | 1.2 | 41.00 | 75.12 | 116.12 | OK | |
| r-devel-linux-x86_64-fedora-gcc | 1.2 | 25.00 | 82.10 | 107.10 | OK | |
| r-devel-windows-x86_64 | 1.2 | 9.00 | 80.00 | 89.00 | OK | |
| r-patched-linux-x86_64 | 1.2 | 9.09 | 62.86 | 71.95 | OK | |
| r-release-linux-x86_64 | 1.2 | 9.07 | 61.48 | 70.55 | OK | |
| r-release-macos-arm64 | 1.2 | 4.00 | 30.00 | 34.00 | OK | |
| r-release-macos-x86_64 | 1.2 | 10.00 | 63.00 | 73.00 | OK | |
| r-release-windows-x86_64 | 1.2 | 10.00 | 78.00 | 88.00 | OK | |
| r-oldrel-macos-arm64 | 1.2 | 4.00 | 34.00 | 38.00 | NOTE | |
| r-oldrel-macos-x86_64 | 1.2 | 8.00 | 69.00 | 77.00 | NOTE | |
| r-oldrel-windows-x86_64 | 1.2 | 12.00 | 95.00 | 107.00 | NOTE |
Version: 1.2
Check: package dependencies
Result: NOTE
Packages which this enhances but not available for checking:
'gurobi', 'Rcplex', 'pogs'
Flavors: r-oldrel-macos-arm64, r-oldrel-macos-x86_64, r-oldrel-windows-x86_64