Last updated on 2025-11-15 02:53:14 CET.
| Flavor | Version | Tinstall | Tcheck | Ttotal | Status | Flags |
|---|---|---|---|---|---|---|
| r-devel-linux-x86_64-debian-clang | 1.2 | 9.00 | 64.36 | 73.36 | OK | |
| r-devel-linux-x86_64-debian-gcc | 1.2 | 5.80 | 47.04 | 52.84 | OK | |
| r-devel-linux-x86_64-fedora-clang | 1.2 | 19.00 | 90.80 | 109.80 | OK | |
| r-devel-linux-x86_64-fedora-gcc | 1.2 | 20.00 | 85.89 | 105.89 | OK | |
| r-devel-windows-x86_64 | 1.2 | 11.00 | 75.00 | 86.00 | OK | |
| r-patched-linux-x86_64 | 1.2 | 7.37 | 62.69 | 70.06 | OK | |
| r-release-linux-x86_64 | 1.2 | 9.13 | 61.86 | 70.99 | OK | |
| r-release-macos-arm64 | 1.2 | 4.00 | 30.00 | 34.00 | OK | |
| r-release-macos-x86_64 | 1.2 | 10.00 | 63.00 | 73.00 | OK | |
| r-release-windows-x86_64 | 1.2 | 9.00 | 72.00 | 81.00 | OK | |
| r-oldrel-macos-arm64 | 1.2 | 4.00 | 34.00 | 38.00 | NOTE | |
| r-oldrel-macos-x86_64 | 1.2 | 8.00 | 69.00 | 77.00 | NOTE | |
| r-oldrel-windows-x86_64 | 1.2 | 13.00 | 89.00 | 102.00 | NOTE |
Version: 1.2
Check: package dependencies
Result: NOTE
Packages which this enhances but not available for checking:
'gurobi', 'Rcplex', 'pogs'
Flavors: r-oldrel-macos-arm64, r-oldrel-macos-x86_64, r-oldrel-windows-x86_64