Last updated on 2024-07-27 01:53:23 CEST.
Flavor | Version | Tinstall | Tcheck | Ttotal | Status | Flags |
---|---|---|---|---|---|---|
r-devel-linux-x86_64-debian-clang | 1.1.1 | 114.22 | 123.31 | 237.53 | NOTE | |
r-devel-linux-x86_64-debian-gcc | 1.1.1 | 80.22 | 91.09 | 171.31 | NOTE | |
r-devel-linux-x86_64-fedora-clang | 1.1.1 | 387.84 | NOTE | |||
r-devel-linux-x86_64-fedora-gcc | 1.1.1 | 350.35 | NOTE | |||
r-devel-windows-x86_64 | 1.1.1 | 100.00 | 125.00 | 225.00 | NOTE | |
r-patched-linux-x86_64 | 1.1.1 | NOTE | ||||
r-release-linux-x86_64 | 1.1.1 | 74.28 | 114.41 | 188.69 | NOTE | |
r-release-macos-arm64 | 1.1.1 | 83.00 | NOTE | |||
r-release-macos-x86_64 | 1.1.1 | 107.00 | NOTE | |||
r-release-windows-x86_64 | 1.1.1 | 123.00 | 128.00 | 251.00 | NOTE | |
r-oldrel-macos-arm64 | 1.1.1 | 99.00 | NOTE | |||
r-oldrel-macos-x86_64 | 1.1.1 | 167.00 | NOTE | |||
r-oldrel-windows-x86_64 | 1.1.1 | 116.00 | 154.00 | 270.00 | NOTE |
Version: 1.1.1
Check: C++ specification
Result: NOTE
Specified C++11: please drop specification unless essential
Flavors: r-devel-linux-x86_64-debian-clang, r-devel-linux-x86_64-debian-gcc, r-devel-linux-x86_64-fedora-clang, r-devel-linux-x86_64-fedora-gcc, r-devel-windows-x86_64, r-patched-linux-x86_64, r-release-linux-x86_64, r-release-macos-arm64, r-release-macos-x86_64, r-release-windows-x86_64, r-oldrel-macos-arm64, r-oldrel-macos-x86_64, r-oldrel-windows-x86_64