Last updated on 2025-11-13 02:52:32 CET.
| Flavor | Version | Tinstall | Tcheck | Ttotal | Status | Flags |
|---|---|---|---|---|---|---|
| r-devel-linux-x86_64-debian-clang | 1.0.6 | 46.41 | 79.80 | 126.21 | OK | |
| r-devel-linux-x86_64-debian-gcc | 1.0.6 | 31.54 | 57.75 | 89.29 | OK | |
| r-devel-windows-x86_64 | 1.0.6 | 56.00 | 111.00 | 167.00 | OK | |
| r-patched-linux-x86_64 | 1.0.6 | 43.68 | 73.90 | 117.58 | OK | |
| r-release-linux-x86_64 | 1.0.6 | 46.32 | 76.04 | 122.36 | OK | |
| r-release-macos-arm64 | 1.0.6 | 18.00 | 28.00 | 46.00 | OK | |
| r-release-macos-x86_64 | 1.0.6 | 22.00 | 61.00 | 83.00 | OK | |
| r-release-windows-x86_64 | 1.0.6 | 53.00 | 109.00 | 162.00 | OK | |
| r-oldrel-macos-arm64 | 1.0.6 | 18.00 | 41.00 | 59.00 | NOTE | |
| r-oldrel-macos-x86_64 | 1.0.6 | 20.00 | 55.00 | 75.00 | NOTE | |
| r-oldrel-windows-x86_64 | 1.0.6 | 66.00 | 141.00 | 207.00 | OK |
Version: 1.0.6
Check: installed package size
Result: NOTE
installed size is 5.7Mb
sub-directories of 1Mb or more:
libs 4.9Mb
Flavors: r-oldrel-macos-arm64, r-oldrel-macos-x86_64