Last updated on 2025-07-17 02:49:38 CEST.
Flavor | Version | Tinstall | Tcheck | Ttotal | Status | Flags |
---|---|---|---|---|---|---|
r-devel-linux-x86_64-debian-clang | 0.0.1.0 | 12.55 | 97.64 | 110.19 | OK | |
r-devel-linux-x86_64-debian-gcc | 0.0.1.0 | 8.45 | 72.05 | 80.50 | OK | |
r-devel-linux-x86_64-fedora-clang | 0.0.1.0 | 174.12 | OK | |||
r-devel-linux-x86_64-fedora-gcc | 0.0.1.0 | 161.59 | OK | |||
r-devel-windows-x86_64 | 0.0.1.0 | 14.00 | 105.00 | 119.00 | OK | |
r-patched-linux-x86_64 | 0.0.1.0 | 12.11 | 93.71 | 105.82 | OK | |
r-release-linux-x86_64 | 0.0.1.0 | 10.27 | 92.37 | 102.64 | OK | |
r-release-macos-arm64 | 0.0.1.0 | 45.00 | OK | |||
r-release-macos-x86_64 | 0.0.1.0 | 84.00 | OK | |||
r-release-windows-x86_64 | 0.0.1.0 | 13.00 | 106.00 | 119.00 | OK | |
r-oldrel-macos-arm64 | 0.0.1.0 | 46.00 | NOTE | |||
r-oldrel-macos-x86_64 | 0.0.1.0 | 65.00 | NOTE | |||
r-oldrel-windows-x86_64 | 0.0.1.0 | 18.00 | 135.00 | 153.00 | NOTE |
Version: 0.0.1.0
Check: LazyData
Result: NOTE
'LazyData' is specified without a 'data' directory
Flavors: r-oldrel-macos-arm64, r-oldrel-macos-x86_64, r-oldrel-windows-x86_64