Last updated on 2024-07-27 01:53:23 CEST.
Flavor | Version | Tinstall | Tcheck | Ttotal | Status | Flags |
---|---|---|---|---|---|---|
r-devel-linux-x86_64-debian-clang | 0.0.67 | 148.66 | 241.61 | 390.27 | OK | |
r-devel-linux-x86_64-debian-gcc | 0.0.67 | 115.01 | 181.32 | 296.33 | OK | |
r-devel-linux-x86_64-fedora-clang | 0.0.67 | 279.37 | NOTE | |||
r-devel-linux-x86_64-fedora-gcc | 0.0.67 | 341.52 | OK | |||
r-devel-windows-x86_64 | 0.0.64 | 116.00 | 214.00 | 330.00 | NOTE | |
r-patched-linux-x86_64 | 0.0.64 | OK | ||||
r-release-linux-x86_64 | 0.0.64 | 119.69 | 235.01 | 354.70 | OK | |
r-release-macos-arm64 | 0.0.67 | 14.00 | ERROR | |||
r-release-macos-x86_64 | 0.0.67 | 34.00 | ERROR | |||
r-release-windows-x86_64 | 0.0.67 | 165.00 | 212.00 | 377.00 | NOTE | |
r-oldrel-macos-arm64 | 0.0.67 | 19.00 | ERROR | |||
r-oldrel-macos-x86_64 | 0.0.67 | 33.00 | ERROR | |||
r-oldrel-windows-x86_64 | 0.0.67 | 140.00 | 216.00 | 356.00 | NOTE |
Version: 0.0.67
Check: installed package size
Result: NOTE
installed size is 15.9Mb
sub-directories of 1Mb or more:
cppad 9.8Mb
include 4.8Mb
Flavors: r-devel-linux-x86_64-fedora-clang, r-release-windows-x86_64, r-oldrel-windows-x86_64
Version: 0.0.64
Check: installed package size
Result: NOTE
installed size is 6.3Mb
sub-directories of 1Mb or more:
include 4.1Mb
libs 1.6Mb
Flavor: r-devel-windows-x86_64
Version: 0.0.67
Check: whether package can be installed
Result: ERROR
Installation failed.
Flavors: r-release-macos-arm64, r-release-macos-x86_64, r-oldrel-macos-arm64, r-oldrel-macos-x86_64