Last updated on 2025-10-11 01:50:26 CEST.
Flavor | Version | Tinstall | Tcheck | Ttotal | Status | Flags |
---|---|---|---|---|---|---|
r-devel-linux-x86_64-debian-clang | 0.0.1 | 1.61 | 19.86 | 21.47 | OK | |
r-devel-linux-x86_64-debian-gcc | 0.0.1 | 1.31 | 16.80 | 18.11 | OK | |
r-devel-linux-x86_64-fedora-clang | 0.0.1 | 29.68 | OK | |||
r-devel-linux-x86_64-fedora-gcc | 0.0.1 | 28.39 | OK | |||
r-devel-windows-x86_64 | 0.0.1 | 3.00 | 45.00 | 48.00 | OK | |
r-patched-linux-x86_64 | 0.0.1 | 1.63 | 17.75 | 19.38 | OK | |
r-release-linux-x86_64 | 0.0.1 | 1.63 | 17.93 | 19.56 | OK | |
r-release-macos-arm64 | 0.0.1 | 16.00 | OK | |||
r-release-macos-x86_64 | 0.0.1 | 22.00 | OK | |||
r-release-windows-x86_64 | 0.0.1 | 3.00 | 40.00 | 43.00 | OK | |
r-oldrel-macos-arm64 | 0.0.1 | 13.00 | NOTE | |||
r-oldrel-macos-x86_64 | 0.0.1 | 19.00 | NOTE | |||
r-oldrel-windows-x86_64 | 0.0.1 | 5.00 | 43.00 | 48.00 | NOTE |
Version: 0.0.1
Check: LazyData
Result: NOTE
'LazyData' is specified without a 'data' directory
Flavors: r-oldrel-macos-arm64, r-oldrel-macos-x86_64, r-oldrel-windows-x86_64