CRAN Package Check Results for Package seecolor

Last updated on 2025-02-14 02:49:54 CET.

Flavor Version Tinstall Tcheck Ttotal Status Flags
r-devel-linux-x86_64-debian-clang 0.2.0 2.49 26.48 28.97 OK
r-devel-linux-x86_64-debian-gcc 0.2.0 1.61 20.42 22.03 OK
r-devel-linux-x86_64-fedora-clang 0.2.0 46.05 NOTE
r-devel-linux-x86_64-fedora-gcc 0.2.0 57.14 NOTE
r-devel-windows-x86_64 0.2.0 5.00 57.00 62.00 OK
r-patched-linux-x86_64 0.2.0 1.76 24.69 26.45 OK
r-release-linux-x86_64 0.2.0 2.42 24.82 27.24 OK
r-release-macos-arm64 0.2.0 27.00 OK
r-release-macos-x86_64 0.2.0 39.00 OK
r-release-windows-x86_64 0.2.0 4.00 53.00 57.00 OK
r-oldrel-macos-arm64 0.2.0 26.00 OK
r-oldrel-macos-x86_64 0.2.0 34.00 OK
r-oldrel-windows-x86_64 0.2.0 4.00 53.00 57.00 OK

Check Details

Version: 0.2.0
Check: dependencies in R code
Result: NOTE Namespace in Imports field not imported from: ‘fansi’ All declared Imports should be used. Flavors: r-devel-linux-x86_64-fedora-clang, r-devel-linux-x86_64-fedora-gcc