Last updated on 2024-07-27 01:53:23 CEST.
Flavor | Version | Tinstall | Tcheck | Ttotal | Status | Flags |
---|---|---|---|---|---|---|
r-devel-linux-x86_64-debian-clang | 1.3.2 | 100.38 | 807.27 | 907.65 | OK | |
r-devel-linux-x86_64-debian-gcc | 1.3.2 | 79.64 | 479.23 | 558.87 | OK | |
r-devel-linux-x86_64-fedora-clang | 1.3.2 | 913.01 | NOTE | |||
r-devel-linux-x86_64-fedora-gcc | 1.3.2 | 862.85 | NOTE | |||
r-devel-windows-x86_64 | 1.3.2 | 86.00 | 555.00 | 641.00 | OK | |
r-patched-linux-x86_64 | 1.3.2 | OK | ||||
r-release-linux-x86_64 | 1.3.2 | 69.92 | 593.73 | 663.65 | OK | |
r-release-macos-arm64 | 1.3.2 | 283.00 | NOTE | |||
r-release-macos-x86_64 | 1.3.2 | 711.00 | NOTE | |||
r-release-windows-x86_64 | 1.3.2 | 93.00 | 573.00 | 666.00 | OK | |
r-oldrel-macos-arm64 | 1.3.2 | 291.00 | NOTE | |||
r-oldrel-macos-x86_64 | 1.3.2 | 605.00 | NOTE | |||
r-oldrel-windows-x86_64 | 1.3.2 | 101.00 | 752.00 | 853.00 | OK |
Version: 1.3.2
Check: data for non-ASCII characters
Result: NOTE
Note: found 1 marked UTF-8 string
Flavors: r-devel-linux-x86_64-fedora-clang, r-devel-linux-x86_64-fedora-gcc
Version: 1.3.2
Check: installed package size
Result: NOTE
installed size is 10.8Mb
sub-directories of 1Mb or more:
data 2.9Mb
libs 7.8Mb
Flavors: r-release-macos-arm64, r-release-macos-x86_64, r-oldrel-macos-arm64, r-oldrel-macos-x86_64