Last updated on 2025-05-25 01:49:57 CEST.
Flavor | Version | Tinstall | Tcheck | Ttotal | Status | Flags |
---|---|---|---|---|---|---|
r-devel-linux-x86_64-debian-clang | 0.3.0 | 5.54 | 58.24 | 63.78 | NOTE | |
r-devel-linux-x86_64-debian-gcc | 0.3.0 | 3.79 | 43.36 | 47.15 | NOTE | |
r-devel-linux-x86_64-fedora-clang | 0.3.0 | 91.77 | OK | |||
r-devel-linux-x86_64-fedora-gcc | 0.3.0 | 94.60 | OK | |||
r-devel-windows-x86_64 | 0.3.0 | 7.00 | 74.00 | 81.00 | OK | |
r-patched-linux-x86_64 | 0.3.0 | 5.63 | 54.41 | 60.04 | OK | |
r-release-linux-x86_64 | 0.3.0 | 5.57 | 55.23 | 60.80 | OK | |
r-release-macos-arm64 | 0.3.0 | 41.00 | OK | |||
r-release-macos-x86_64 | 0.3.0 | 57.00 | OK | |||
r-release-windows-x86_64 | 0.3.0 | 8.00 | 71.00 | 79.00 | OK | |
r-oldrel-macos-arm64 | 0.3.0 | 32.00 | OK | |||
r-oldrel-macos-x86_64 | 0.3.0 | 44.00 | OK | |||
r-oldrel-windows-x86_64 | 0.3.0 | 10.00 | 86.00 | 96.00 | OK |
Version: 0.3.0
Check: CRAN incoming feasibility
Result: NOTE
Maintainer: ‘Michelle Picoli <mipicoli@gmail.com>’
Package CITATION file contains call(s) to old-style citEntry(). Please
use bibentry() instead.
Flavors: r-devel-linux-x86_64-debian-clang, r-devel-linux-x86_64-debian-gcc